NOAA-Style Climate Reports

Select a Year or Month report
2021: Jan Feb Mar Apr May Jun Jul Aug Sep Oct Nov Dec
2020: Jan Feb Mar Apr May Jun Jul Aug Sep Oct Nov Dec
2019: Jan Feb Mar Apr May Jun Jul Aug Sep Oct Nov Dec
2018: Jan Feb Mar Apr May Jun Jul Aug Sep Oct Nov Dec
2017: Jan Feb Mar Apr May Jun Jul Aug Sep Oct Nov Dec

Report for 2021 April
                   MONTHLY CLIMATOLOGICAL SUMMARY for APR. 2021

NAME: Skinner1   CITY: Schroeder   STATE: TX 
ELEV:   158 ft  LAT:  28° 50' 40" N  LONG:  97° 01' 32" W

                   TEMPERATURE (°F), RAIN  (in), WIND SPEED (mph)

                                      HEAT  COOL        AVG
    MEAN                              DEG   DEG         WIND                 DOM
DAY TEMP  HIGH   TIME   LOW    TIME   DAYS  DAYS  RAIN  SPEED HIGH   TIME    DIR
------------------------------------------------------------------------------------
 1  62.0  71.1   5:30p  52.9  12:00m   3.0   0.0  0.00   8.3  28.0   2:30a    NE
 2  59.0  70.6   2:50p  47.5   6:30a   6.0   0.0  0.00   5.2  25.0   2:30p   ESE
 3  62.3  73.5   4:40p  51.2   4:00a   2.7   0.0  0.00   6.6  27.0   3:30p    SE
 4  66.8  78.2   4:00p  55.4   5:00a   0.0   1.8  0.00   5.3  20.0   5:20p    SE
 5  67.0  78.1   2:40p  55.9   6:40a   0.0   2.0  0.01   6.7  28.0   4:50p    SE
 6  75.6  82.5   2:50p  68.7   2:20a   0.0  10.6  0.00  11.0  32.0   2:10p   SSE
 7  76.1  82.0   5:40p  70.1  11:50p   0.0  11.1  0.00   7.5  28.0   3:00a   SSE
 8  80.7  92.5   4:30p  68.8   6:10a   0.0  15.7  0.00   6.3  25.0  11:20p    SE
 9  77.6  83.6   5:10p  71.7  12:20a   0.0  12.6  0.00   9.1  30.0  11:40a   SSE
10  74.6  84.5   3:30p  64.6  12:00m   0.0   9.6  0.00   7.9  28.0   3:00p    NE
11  69.4  87.0   3:40p  51.9   7:40a   0.0   4.4  0.00   5.3  20.0   5:40p    SE
12  72.1  82.1   2:00p  62.0   4:40a   0.0   7.1  0.00   6.0  22.0   3:30p    SE
13  78.7  85.4   3:30p  71.9   7:40a   0.0  13.7  0.07   3.6  14.0   3:10a    SE
14  73.9  74.1   2:00a  73.7  12:10a   0.0   8.9  0.00   2.9  11.0   1:10a    SE
15
16
17
18
19
20
21
22
23
24
25
26
27
28
29
30
-------------------------------------------------------------------------------------
    71.1  92.5     8    47.5     2    11.6  97.3  0.08   6.6  32.0     6      SE

Max >=  90.0:  1
Max <=  32.0:  0
Min <=  32.0:  0
Min <=   0.0:  0
Max Rain: 0.07 ON 04/13/21
Days of Rain: 1 (>.01 in) 0 (>.1 in) 0 (>1 in)
Heat Base:  65.0  Cool Base:  65.0  Method: (High + Low) / 2