NOAA-Style Climate Reports

Select a Year or Month report
2023: Jan Feb Mar Apr May Jun Jul Aug Sep Oct Nov Dec
2022: Jan Feb Mar Apr May Jun Jul Aug Sep Oct Nov Dec
2021: Jan Feb Mar Apr May Jun Jul Aug Sep Oct Nov Dec
2020: Jan Feb Mar Apr May Jun Jul Aug Sep Oct Nov Dec
2019: Jan Feb Mar Apr May Jun Jul Aug Sep Oct Nov Dec
2018: Jan Feb Mar Apr May Jun Jul Aug Sep Oct Nov Dec
2017: Jan Feb Mar Apr May Jun Jul Aug Sep Oct Nov Dec

Report for 2023 January
                   MONTHLY CLIMATOLOGICAL SUMMARY for JAN. 2023

NAME: Skinner1   CITY: Schroeder   STATE: TX 
ELEV:   158 ft  LAT:  28° 50' 40" N  LONG:  97° 01' 32" W

                   TEMPERATURE (°F), RAIN  (in), WIND SPEED (mph)

                                      HEAT  COOL        AVG
    MEAN                              DEG   DEG         WIND                 DOM
DAY TEMP  HIGH   TIME   LOW    TIME   DAYS  DAYS  RAIN  SPEED HIGH   TIME    DIR
------------------------------------------------------------------------------------
 1  68.7  79.0   3:40p  58.3  12:20a   0.0   3.7  0.00   5.4  21.0  10:30p     S
 2  75.7  79.5   4:00p  71.9   1:10a   0.0  10.7  0.07  10.8  31.0   2:10p     S
 3  66.6  80.9   2:30p  52.3  12:00m   0.0   1.6  0.04   3.1  16.0   3:10a   NNE
 4  62.5  77.5   4:00p  47.5   7:10a   2.5   0.0  0.00   2.6  17.0  12:40p   NNW
 5  59.3  77.6   3:50p  41.1   7:50a   5.7   0.0  0.00   1.1  12.0   2:10p   NNW
 6  62.9  80.7   1:10p  45.2   3:50a   2.1   0.0  0.00   5.9  27.0   1:20p     S
 7  73.1  80.1   3:40p  66.1  12:00m   0.0   8.1  1.06   3.4  29.0  12:00m   SSE
 8  59.8  69.2   3:00p  50.5  12:00m   5.2   0.0  1.47   3.7  24.0  12:10a   NNE
 9  59.4  69.7   2:50p  49.2   4:50a   5.6   0.0  0.00   1.4   9.0   1:30p   ESE
10  68.1  79.6   4:00p  56.5   2:30a   0.0   3.1  0.00   3.0  18.0   2:10p   SSW
11  74.3  84.4   3:10p  64.2   1:00a   0.0   9.3  0.00   7.2  21.0   1:20p   SSW
12  57.5  66.2  12:10a  48.8  11:30p   7.5   0.0  0.00   4.7  24.0   9:10a     N
13  50.4  63.8   3:30p  37.0   7:50a  14.6   0.0  0.00   2.6  16.0   2:50p   NNE
14  50.3  68.7   3:10p  31.8   7:40a  14.8   0.0  0.00   3.3  17.0   5:10p    SE
15  58.7  75.3   2:10p  42.1   5:40a   6.3   0.0  0.00   7.3  34.0   4:20p     S
16  68.3  80.5   2:50p  56.0  11:50p   0.0   3.3  0.00   2.7  15.0  11:50a     S
17  68.0  80.6   3:30p  55.4   1:10a   0.0   3.0  0.01   4.0  20.0   4:40p   SSE
18  65.7  78.6  12:20p  52.7  12:00m   0.0   0.7  0.00   4.5  21.0  12:30p     S
19  58.1  72.2   3:00p  44.0   6:40a   6.9   0.0  0.00   2.0  18.0  10:00a   NNE
20  55.3  59.4  11:10a  51.3   1:20a   9.7   0.0  0.00   2.9  18.0   3:30p   ENE
21  54.3  60.3   4:40p  48.2  11:50p  10.8   0.0  0.00   2.5  13.0  11:00a   NNE
22  53.8  64.1   3:50p  43.5   3:20a  11.2   0.0  0.00   2.9  17.0  10:00a     N
23  47.7  61.6   2:20p  33.8   6:20a  17.3   0.0  0.00   4.7  18.0   9:50a   ESE
24  59.2  71.6  11:30a  46.7   9:10p   5.8   0.0  1.17   6.8  29.0  10:00a     E
25  48.9  59.1   5:00p  38.7   7:40a  16.1   0.0  0.00   4.3  18.0  10:30a    NW
26  45.8  58.9   2:20p  32.6   6:50a  19.3   0.0  0.00   1.6  13.0   1:20p   NNE
27
28
29
30
31
-------------------------------------------------------------------------------------
    60.5  84.4    11    31.8    14   161.1  43.3  3.82   4.0  34.0    15       S

Max >=  90.0:  0
Max <=  32.0:  0
Min <=  32.0:  1
Min <=   0.0:  0
Max Rain: 1.47 ON 01/08/23
Days of Rain: 5 (>.01 in) 3 (>.1 in) 3 (>1 in)
Heat Base:  65.0  Cool Base:  65.0  Method: (High + Low) / 2