NOAA-Style Climate Reports

Select a Year or Month report
2019: Jan Feb Mar Apr May Jun Jul Aug Sep Oct Nov Dec
2018: Jan Feb Mar Apr May Jun Jul Aug Sep Oct Nov Dec
2017: Jan Feb Mar Apr May Jun Jul Aug Sep Oct Nov Dec

Report for 2019 August
                   MONTHLY CLIMATOLOGICAL SUMMARY for AUG. 2019

NAME: Skinner1   CITY: Schroeder   STATE: TX 
ELEV:   158 ft  LAT:  28° 50' 40" N  LONG:  97° 01' 32" W

                   TEMPERATURE (°F), RAIN  (in), WIND SPEED (mph)

                                      HEAT  COOL        AVG
    MEAN                              DEG   DEG         WIND                 DOM
DAY TEMP  HIGH   TIME   LOW    TIME   DAYS  DAYS  RAIN  SPEED HIGH   TIME    DIR
------------------------------------------------------------------------------------
 1  85.9  97.7   4:40p  74.1   6:50a   0.0  20.9  0.00   3.8  24.0   5:10p    SE
 2  85.6  98.6   5:40p  72.7   5:50a   0.0  20.6  0.00   2.6  22.0   6:40p    SE
 3  83.8  92.7   4:10p  74.8   7:10a   0.0  18.8  0.00   2.6  28.0   4:20p    SE
 4  86.8  97.5   3:40p  76.2   7:30a   0.0  21.8  0.00   3.4  16.0   7:10p    SE
 5  86.9  96.8   2:40p  76.9   7:00a   0.0  21.9  0.00   3.7  17.0   7:50p    SE
 6  84.7  93.8   2:00p  75.5   7:10a   0.0  19.7  0.48   4.0  21.0   6:30p    SE
 7  86.4  96.4   2:50p  76.4   7:20a   0.0  21.4  0.00   5.2  24.0   6:10p    SE
 8  87.3  97.7   3:10p  77.0   6:50a   0.0  22.3  0.00   6.9  25.0   2:50p   SSE
 9  87.3  96.5   3:30p  78.0   6:20a   0.0  22.3  0.00   6.8  31.0   1:10p    SE
10  87.1  97.2   4:50p  77.0   7:00a   0.0  22.1  0.00   6.3  22.0   2:50p    SE
11  87.8  98.7   3:10p  76.9   7:00a   0.0  22.8  0.00   5.0  23.0   7:00p    SE
12  87.6  98.2   3:10p  76.9   7:30a   0.0  22.6  0.00   5.9  23.0   1:20p   SSE
13  88.8  99.5   3:20p  78.0   7:20a   0.0  23.8  0.00   5.1  23.0   5:40p   SSE
14  87.5 100.2   6:20p  74.8   7:30a   0.0  22.5  0.00   2.9  17.0   7:50p   SSE
15  88.9 100.7   5:10p  77.1   6:20a   0.0  23.9  0.00   3.3  24.0   7:20p   SSE
16  87.6  98.7   5:20p  76.5   6:50a   0.0  22.6  0.00   4.8  23.0   6:10p    SE
17  87.8  97.6   2:40p  78.1   5:50a   0.0  22.8  0.00   6.8  26.0   5:20p    SE
18  87.3  97.1   3:10p  77.5   7:20a   0.0  22.3  0.00   7.0  26.0   2:40p    SE
19  87.9  97.8   3:50p  78.0   7:10a   0.0  22.9  0.00   6.0  25.0   6:40p    SE
20  87.4  97.5   3:40p  77.4   7:20a   0.0  22.4  0.00   5.0  21.0   5:00p    SE
21  85.1  95.4   1:30p  74.8   7:40a   0.0  20.1  0.00   4.8  23.0   1:40p    SE
22  85.4  96.4   3:20p  74.4   7:30a   0.0  20.4  0.00   5.0  25.0   4:20p    SE
23  85.8  98.4   3:50p  73.2   5:50p   0.0  20.8  1.43   3.2  38.0   5:30p    SE
24  85.9  95.5   2:40p  76.3   7:10a   0.0  20.9  0.01   3.5  24.0   2:50p    SE
25  79.5  80.7  12:10a  78.3   5:50a   0.0  14.5  0.00   0.7   6.0  12:20a    SE
26
27
28
29
30
31
-------------------------------------------------------------------------------------
    86.5 100.7    15    72.7     2     0.0 537.0  1.92   4.6  38.0    23      SE

Max >=  90.0: 24
Max <=  32.0:  0
Min <=  32.0:  0
Min <=   0.0:  0
Max Rain: 1.43 ON 08/23/19
Days of Rain: 2 (>.01 in) 2 (>.1 in) 1 (>1 in)
Heat Base:  65.0  Cool Base:  65.0  Method: (High + Low) / 2