NOAA-Style Climate Reports

Select a Year or Month report
2020: Jan Feb Mar Apr May Jun Jul Aug Sep Oct Nov Dec
2019: Jan Feb Mar Apr May Jun Jul Aug Sep Oct Nov Dec
2018: Jan Feb Mar Apr May Jun Jul Aug Sep Oct Nov Dec
2017: Jan Feb Mar Apr May Jun Jul Aug Sep Oct Nov Dec

Report for 2020 July
                   MONTHLY CLIMATOLOGICAL SUMMARY for JUL. 2020

NAME: Skinner1   CITY: Schroeder   STATE: TX 
ELEV:   158 ft  LAT:  28° 50' 40" N  LONG:  97° 01' 32" W

                   TEMPERATURE (°F), RAIN  (in), WIND SPEED (mph)

                                      HEAT  COOL        AVG
    MEAN                              DEG   DEG         WIND                 DOM
DAY TEMP  HIGH   TIME   LOW    TIME   DAYS  DAYS  RAIN  SPEED HIGH   TIME    DIR
------------------------------------------------------------------------------------
 1  85.8  92.2   3:00p  79.4   4:40a   0.0  20.8  0.00   7.4  23.0  10:30a   SSE
 2  86.3  94.2   4:20p  78.5  12:00m   0.0  21.3  0.00   5.7  21.0  10:20a   SSE
 3  85.3  96.5   5:10p  74.1   7:30a   0.0  20.3  0.00   3.4  15.0  10:30a   SSE
 4  86.6  98.0   4:20p  75.2   6:50a   0.0  21.6  0.00   4.0  18.0   6:40p   SSE
 5  86.6  97.8   4:20p  75.4   1:50a   0.0  21.6  0.00   5.8  21.0   7:20p   SSW
 6  86.9  94.5   2:20p  79.4   1:20a   0.0  21.9  0.00   6.7  24.0   2:30p   SSE
 7  87.1  95.4   4:10p  78.8   7:00a   0.0  22.1  0.00   6.0  23.0   2:40p   SSE
 8  87.8  95.3   2:30p  80.3   7:00a   0.0  22.8  0.00   7.1  25.0   3:00p   SSE
 9  86.8  94.6   3:50p  78.9   6:40a   0.0  21.8  0.00   7.3  25.0   4:50p   SSE
10  87.8  97.2   3:00p  78.3   6:50a   0.0  22.8  0.00   6.4  24.0   4:40p    SE
11  87.7  99.8   4:20p  75.6   7:00a   0.0  22.7  0.00   4.5  21.0   4:40p   SSE
12  88.9 100.6   5:20p  77.2   6:10a   0.0  23.9  0.00   4.0  17.0   7:50p   SSE
13  89.6 100.6   4:10p  78.6   7:20a   0.0  24.6  0.00   6.1  22.0   6:50p   SSE
14
15
16
17
18
19
20
21
22
23
24
25
26
27
28
29
30
31
-------------------------------------------------------------------------------------
    87.2 100.6    12    74.1     3     0.0 288.2  0.00   5.7  25.0     8     SSE

Max >=  90.0: 13
Max <=  32.0:  0
Min <=  32.0:  0
Min <=   0.0:  0
Max Rain: 0.00 ON 07/01/20
Days of Rain: 0 (>.01 in) 0 (>.1 in) 0 (>1 in)
Heat Base:  65.0  Cool Base:  65.0  Method: (High + Low) / 2