NOAA-Style Climate Reports

Select a Year or Month report
2020: Jan Feb Mar Apr May Jun Jul Aug Sep Oct Nov Dec
2019: Jan Feb Mar Apr May Jun Jul Aug Sep Oct Nov Dec
2018: Jan Feb Mar Apr May Jun Jul Aug Sep Oct Nov Dec
2017: Jan Feb Mar Apr May Jun Jul Aug Sep Oct Nov Dec

Report for 2020 February
                   MONTHLY CLIMATOLOGICAL SUMMARY for FEB. 2020

NAME: Skinner1   CITY: Schroeder   STATE: TX 
ELEV:   158 ft  LAT:  28° 50' 40" N  LONG:  97° 01' 32" W

                   TEMPERATURE (°F), RAIN  (in), WIND SPEED (mph)

                                      HEAT  COOL        AVG
    MEAN                              DEG   DEG         WIND                 DOM
DAY TEMP  HIGH   TIME   LOW    TIME   DAYS  DAYS  RAIN  SPEED HIGH   TIME    DIR
------------------------------------------------------------------------------------
 1  54.9  70.6   4:40p  39.3   7:30a  10.1   0.0  0.00   3.5  20.0   2:30p   WNW
 2  57.3  76.7   2:10p  38.0   7:40a   7.7   0.0  0.00   5.6  23.0   1:20p   SSE
 3  67.6  75.1  12:50p  60.0  12:50a   0.0   2.6  0.00   9.7  36.0  11:00a   SSE
 4  67.0  78.7   3:10p  55.3  12:00m   0.0   2.0  0.00   5.4  29.0   1:50a     S
 5  47.4  55.4  12:10a  39.4  12:00m  17.6   0.0  0.00  11.4  27.0   5:20a     N
 6  45.3  57.7   4:10p  33.0   7:40a  19.7   0.0  0.00   8.6  30.0   3:40p   WNW
 7  54.8  77.4   3:40p  32.2   1:10a  10.2   0.0  0.00   6.1  29.0  10:50a   SSW
 8  62.0  75.2   3:00p  48.9   4:40a   3.0   0.0  0.00   6.0  25.0   3:20p    SE
 9  67.8  74.7   3:50p  60.9   2:40a   0.0   2.8  0.00   9.4  28.0  11:10a    SE
10  64.0  77.9   1:50p  50.1  11:40p   1.0   0.0  0.00   8.6  26.0   1:20p   SSE
11  48.3  50.5   1:00a  46.2   7:00a  16.7   0.0  0.00   8.6  21.0  12:20p   NNE
12  49.3  54.9   5:50p  43.7  12:00m  15.7   0.0  0.00   4.9  20.0   4:20a    NW
13  50.7  59.7   3:10p  41.6   2:00a  14.3   0.0  0.00   6.3  21.0  10:00a     N
14  48.0  62.0   4:20p  34.0   7:20a  17.0   0.0  0.00   4.0  17.0  10:20a   NNE
15  53.8  70.5   1:10p  37.2   3:00a  11.2   0.0  0.00   3.6  18.0  12:10p    SE
16  66.8  79.6   4:50p  54.1   4:00a   0.0   1.8  0.00   2.9  17.0  10:30p   SSE
17  72.4  79.9   4:20p  64.8  12:10a   0.0   7.4  0.00   6.2  26.0   2:40p   SSE
18  66.8  79.6   3:00p  54.1   9:50p   0.0   1.8  0.00   7.9  27.0   7:20p   SSE
19  53.7  54.8  11:20a  52.6   7:40a  11.3   0.0  0.00   7.2  20.0  12:10a   NNE
20
21
22
23
24
25
26
27
28
29
-------------------------------------------------------------------------------------
    57.8  79.9    17    32.2     7   155.3  18.4  0.00   6.6  36.0     3     SSE

Max >=  90.0:  0
Max <=  32.0:  0
Min <=  32.0:  0
Min <=   0.0:  0
Max Rain: 0.00 ON 02/01/20
Days of Rain: 0 (>.01 in) 0 (>.1 in) 0 (>1 in)
Heat Base:  65.0  Cool Base:  65.0  Method: (High + Low) / 2