NOAA-Style Climate Reports

Select a Year or Month report
2019: Jan Feb Mar Apr May Jun Jul Aug Sep Oct Nov Dec
2018: Jan Feb Mar Apr May Jun Jul Aug Sep Oct Nov Dec
2017: Jan Feb Mar Apr May Jun Jul Aug Sep Oct Nov Dec

Report for 2019 December
                   MONTHLY CLIMATOLOGICAL SUMMARY for DEC. 2019

NAME: Skinner1   CITY: Schroeder   STATE: TX 
ELEV:   158 ft  LAT:  28° 50' 40" N  LONG:  97° 01' 32" W

                   TEMPERATURE (°F), RAIN  (in), WIND SPEED (mph)

                                      HEAT  COOL        AVG
    MEAN                              DEG   DEG         WIND                 DOM
DAY TEMP  HIGH   TIME   LOW    TIME   DAYS  DAYS  RAIN  SPEED HIGH   TIME    DIR
------------------------------------------------------------------------------------
 1  55.7  70.1  12:40a  41.2  11:30p   9.3   0.0  0.00   6.1  21.0  12:40a     N
 2  52.0  66.2   4:10p  37.8   5:40a  13.0   0.0  0.00   3.3  17.0  11:40a     N
 3  54.6  75.3   3:40p  33.9   7:20a  10.4   0.0  0.00   2.8  19.0   2:40p   SSW
 4  60.9  76.8   3:20p  44.9   7:20a   4.1   0.0  0.00   3.0  14.0  12:30p   ENE
 5  68.0  79.5   2:10p  56.5   7:10a   0.0   3.0  0.02   2.9  19.0   1:20p   SSE
 6  64.8  75.5   3:00p  54.2  11:50p   0.2   0.0  0.01   4.4  20.0   2:40p     N
 7  59.0  72.7   2:50p  45.3   7:20a   6.0   0.0  0.00   2.5  11.0   8:40a   NNW
 8  61.7  77.9   2:40p  45.4   5:40a   3.3   0.0  0.01   3.1  21.0   2:00p   SSE
 9  73.3  82.1   1:40p  64.5  12:10a   0.0   8.3  0.00   4.7  17.0  10:20a   SSE
10  58.2  70.5  12:10a  45.8  12:00m   6.8   0.0  0.21  11.0  31.0   6:00a     N
11  48.3  58.6   4:00p  37.9  10:20p  16.8   0.0  0.00   4.8  17.0  12:50a   NNE
12  48.9  58.9  10:50a  38.9   7:00a  16.1   0.0  0.00   1.6  12.0  10:30a   NNE
13
14
15
16
17
18
19
20
21
22
23
24
25
26
27
28
29
30
31
-------------------------------------------------------------------------------------
    58.8  82.1     9    33.9     3    86.1  11.3  0.25   4.2  31.0    10       N

Max >=  90.0:  0
Max <=  32.0:  0
Min <=  32.0:  0
Min <=   0.0:  0
Max Rain: 0.21 ON 12/10/19
Days of Rain: 2 (>.01 in) 1 (>.1 in) 0 (>1 in)
Heat Base:  65.0  Cool Base:  65.0  Method: (High + Low) / 2