NOAA-Style Climate Reports

Select a Year or Month report
2018: Jan Feb Mar Apr May Jun Jul Aug Sep Oct Nov Dec
2017: Jan Feb Mar Apr May Jun Jul Aug Sep Oct Nov Dec

Report for 2018 June
                   MONTHLY CLIMATOLOGICAL SUMMARY for JUN. 2018

NAME: Skinner1   CITY: Schroeder   STATE: TX 
ELEV:   158 ft  LAT:  28° 50' 40" N  LONG:  97° 01' 32" W

                   TEMPERATURE (°F), RAIN  (in), WIND SPEED (mph)

                                      HEAT  COOL        AVG
    MEAN                              DEG   DEG         WIND                 DOM
DAY TEMP  HIGH   TIME   LOW    TIME   DAYS  DAYS  RAIN  SPEED HIGH   TIME    DIR
------------------------------------------------------------------------------------
 1  86.2  94.9   2:45p  77.4   3:10a   0.0  21.2  0.00   3.9  18.0   7:00p   SSE
 2  86.6  96.3   2:25p  76.8  11:55p   0.0  21.6  0.00   3.5  21.0   2:40p   SSE
 3  86.9  98.5   4:00p  75.3   6:05a   0.0  21.9  0.00   1.9  16.0   6:15p   SSE
 4  86.9  97.1   3:50p  76.7   5:20a   0.0  21.9  0.00   3.4  20.0   6:20p   SSE
 5  86.3  97.5   2:20p  75.1   5:20a   0.0  21.3  0.00   6.9  23.0  10:00a    SE
 6  85.6  96.1   3:40p  75.0   7:00a   0.0  20.6  0.00   6.3  21.0   5:20p    SE
 7  84.7  95.1   3:30p  74.3   6:40a   0.0  19.7  0.00   5.9  22.0   2:10p    SE
 8  83.9  94.5   1:50p  73.3   6:10a   0.0  18.9  0.00   5.8  28.0   6:30p    SE
 9  84.4  92.9   3:30p  75.8   3:10a   0.0  19.4  0.00   6.3  25.0  11:20a    SE
10  86.0  94.1   2:20p  77.9   6:20a   0.0  21.0  0.00   8.1  28.0   4:10p   SSE
11  86.4  93.5   4:00p  79.3   4:50a   0.0  21.4  0.00   9.8  32.0  10:40a   SSE
12  86.9  94.9   2:00p  78.9   6:50a   0.0  21.9  0.00   8.7  24.0   9:20a    SE
13  86.8  96.1   4:20p  77.4   3:50a   0.0  21.8  0.00   7.5  22.0   2:10p    SE
14
15  84.1  93.3   3:50p  74.8   6:40a   0.0  19.1  0.39   7.1  24.0   3:20p    SE
16  84.6  93.4   2:20p  75.8   6:50a   0.0  19.6  0.00   8.5  30.0   3:20p    SE
17  83.2  91.8   1:40p  74.6   5:20a   0.0  18.2  0.06   4.7  19.0   3:00p   ENE
18  81.9  88.5   2:10p  75.4   1:50a   0.0  16.9  0.29   5.2  21.0   3:00p   ESE
19  77.8  81.8   2:40p  73.8   8:20a   0.0  12.8  2.91   5.1  24.0   7:30a   ESE
20  76.1  77.8   6:50p  74.4   5:50a   0.0  11.1  1.44   4.8  16.0   8:00a    SE
21  80.1  85.0   6:10p  75.1   3:50a   0.0  15.1  0.07   3.7  15.0   4:50p     E
22  84.8  93.2   2:30p  76.3   2:00a   0.0  19.8  0.00   4.6  20.0   5:50p   SSE
23  84.4  91.9   3:00p  76.8   3:30a   0.0  19.4  0.00   7.7  25.0   4:10p   SSE
24  85.4  91.5   2:00p  79.4   6:10a   0.0  20.4  0.00   8.5  24.0  11:20a    SE
25  84.8  91.5   4:20p  78.2   8:40a   0.0  19.8  0.05   7.9  25.0   5:30p    SE
26  85.1  92.1   3:20p  78.0   6:30a   0.0  20.1  0.00   6.0  21.0   5:40p    SE
27  83.9  92.9   4:20p  74.8   6:40a   0.0  18.9  0.00   5.2  21.0   5:20p    SE
28  84.1  93.2   3:40p  75.0   7:00a   0.0  19.1  0.00   5.6  24.0   5:10p   SSE
29  83.9  91.0   3:00p  76.9   6:10a   0.0  18.9  0.00   7.8  28.0   3:30p    SE
30  85.2  91.0   1:40p  79.3  11:50p   0.0  20.2  0.00   8.8  26.0   2:50p   SSE
-------------------------------------------------------------------------------------
    84.4  98.5     3    73.3     8     0.0 561.6  5.21   6.2  32.0    11      SE

Max >=  90.0: 25
Max <=  32.0:  0
Min <=  32.0:  0
Min <=   0.0:  0
Max Rain: 2.91 ON 06/19/18
Days of Rain: 7 (>.01 in) 4 (>.1 in) 2 (>1 in)
Heat Base:  65.0  Cool Base:  65.0  Method: (High + Low) / 2