NOAA-Style Climate Reports

Select a Year or Month report
2018: Jan Feb Mar Apr May Jun Jul Aug Sep Oct Nov Dec
2017: Jan Feb Mar Apr May Jun Jul Aug Sep Oct Nov Dec

Report for 2018 July
                   MONTHLY CLIMATOLOGICAL SUMMARY for JUL. 2018

NAME: Skinner1   CITY: Schroeder   STATE: TX 
ELEV:   158 ft  LAT:  28° 50' 40" N  LONG:  97° 01' 32" W

                   TEMPERATURE (°F), RAIN  (in), WIND SPEED (mph)

                                      HEAT  COOL        AVG
    MEAN                              DEG   DEG         WIND                 DOM
DAY TEMP  HIGH   TIME   LOW    TIME   DAYS  DAYS  RAIN  SPEED HIGH   TIME    DIR
------------------------------------------------------------------------------------
 1  84.9  92.8   3:10p  77.1   5:50a   0.0  19.9  0.00   6.4  22.0   9:40a   SSE
 2  83.9  92.8   4:20p  75.0   6:00a   0.0  18.9  0.00   4.6  18.0   6:50p    SE
 3  83.6  93.8   5:00p  73.4   6:30a   0.0  18.6  0.00   3.5  16.0   7:10p    SE
 4  80.3  87.6   3:10p  72.9  12:00m   0.0  15.3  0.42   5.0  18.0   9:30a    SE
 5  81.0  90.6   1:30p  71.4   1:30a   0.0  16.0  0.72   2.9  17.0   2:40p    SE
 6  84.0  93.2   3:20p  74.8   4:10p   0.0  19.0  0.28   3.5  26.0   3:30p    NW
 7  82.4  91.5   4:20p  73.4   6:40a   0.0  17.4  0.61   3.0  26.0   4:50p   ENE
 8  78.8  84.1   3:40p  73.4   5:50a   0.0  13.8  0.20   2.5  19.0   4:20p    NE
 9  82.2  89.4   4:20p  74.9   1:50a   0.0  17.2  0.00   3.5  14.0   2:30p    SE
10  82.8  92.2   4:00p  73.3   7:00a   0.0  17.8  0.00   3.4  22.0   4:50p    SE
11  83.1  92.6   4:30p  73.5   6:00a   0.0  18.1  0.00   3.0  14.0  10:30a   SSE
12  82.9  92.6   4:30p  73.2   5:20a   0.0  17.9  0.00   3.6  17.0   5:40p   SSE
13  83.9  92.4   3:10p  75.3   5:50a   0.0  18.9  0.00   4.2  20.0   6:20p   SSE
14  83.4  92.1   2:50p  74.8   6:20a   0.0  18.4  0.00   5.0  21.0   5:20p    SE
15  84.6  92.0   2:20p  77.1   6:20a   0.0  19.6  0.00   5.4  20.0   4:10p   SSE
16  83.6  92.6   2:30p  74.7   7:30a   0.0  18.6  0.00   5.1  20.0  12:00p    SE
17  82.9  93.4   3:40p  72.5   7:00a   0.0  17.9  0.00   3.7  18.0  10:50a   SSE
18  85.2  94.8   4:50p  75.5   7:10a   0.0  20.2  0.00   5.0  21.0   9:30a   SSW
19  85.8  95.7   4:30p  75.9   6:50a   0.0  20.8  0.00   5.2  18.0   9:40a   SSE
20  85.3  95.2   3:00p  75.3   6:50a   0.0  20.3  0.00   5.0  20.0   6:10p   SSE
21  85.5  95.5   4:20p  75.5   4:00a   0.0  20.5  0.00   4.0  17.0  12:10p   SSE
22  86.8  98.0   3:50p  75.6   7:20a   0.0  21.8  0.00   4.3  18.0   5:10p   SSE
23  87.4 100.4   5:00p  74.3   7:10a   0.0  22.4  0.00   4.6  19.0   7:20p   SSE
24  87.6  98.5   3:30p  76.7   7:00a   0.0  22.6  0.00   4.1  19.0   5:20p    SE
25  86.6  96.4   4:50p  76.7   4:10a   0.0  21.6  0.00   2.6  14.0   8:40p   SSE
26  82.9  95.9   4:10p  69.8   7:10a   0.0  17.9  0.00   3.2  17.0   2:10p   SSE
27  81.8  94.6   3:30p  68.9   7:00a   0.0  16.8  0.00   3.8  18.0   5:50p    SE
28  84.3  96.2   3:00p  72.4   6:20a   0.0  19.3  0.00   3.9  19.0   6:40p    SE
29  85.6  97.3   3:20p  73.8   6:40a   0.0  20.6  0.00   4.3  18.0   5:00p    SE
30  86.6  98.0   3:30p  75.2   7:10a   0.0  21.6  0.00   3.9  16.0   1:50p   SSE
31  86.3  96.7   3:50p  75.8  11:50p   0.0  21.3  0.00   4.2  23.0   4:50p   WNW
-------------------------------------------------------------------------------------
    84.0 100.4    23    68.9    27     0.0 590.5  2.23   4.1  26.0     6      SE

Max >=  90.0: 28
Max <=  32.0:  0
Min <=  32.0:  0
Min <=   0.0:  0
Max Rain: 0.72 ON 07/05/18
Days of Rain: 5 (>.01 in) 5 (>.1 in) 0 (>1 in)
Heat Base:  65.0  Cool Base:  65.0  Method: (High + Low) / 2