NOAA-Style Climate Reports

Select a Year or Month report
2018: Jan Feb Mar Apr May Jun Jul Aug Sep Oct Nov Dec
2017: Jan Feb Mar Apr May Jun Jul Aug Sep Oct Nov Dec

Report for 2018 September
                   MONTHLY CLIMATOLOGICAL SUMMARY for SEP. 2018

NAME: Skinner1   CITY: Schroeder   STATE: TX 
ELEV:   158 ft  LAT:  28° 50' 40" N  LONG:  97° 01' 32" W

                   TEMPERATURE (°F), RAIN  (in), WIND SPEED (mph)

                                      HEAT  COOL        AVG
    MEAN                              DEG   DEG         WIND                 DOM
DAY TEMP  HIGH   TIME   LOW    TIME   DAYS  DAYS  RAIN  SPEED HIGH   TIME    DIR
------------------------------------------------------------------------------------
 1  84.3  95.8   4:00p  72.8   5:50a   0.0  19.3  0.00   3.9  20.0   7:00p    SE
 2  82.6  91.6   3:20p  73.7   6:10a   0.0  17.6  0.00   3.7  19.0   1:40p   ESE
 3  82.3  89.6   1:10p  74.9   6:10a   0.0  17.3  0.00   5.0  23.0   4:30p   ESE
 4  84.6  93.8   3:10p  75.3   7:10a   0.0  19.6  0.00   5.4  24.0   5:20p   ENE
 5  84.4  93.8   3:10p  75.1   5:30a   0.0  19.4  0.08   3.5  27.0   3:30p   ESE
 6  79.8  86.2   2:10p  73.5  10:30a   0.0  14.8  1.44   3.4  15.0   3:20p    SE
 7  82.4  88.9   1:00p  76.0   1:50a   0.0  17.4  0.18   2.9  18.0   4:40p    SE
 8  82.9  91.0   1:00p  74.8   6:30a   0.0  17.9  0.09   3.3  19.0   3:40p    SE
 9  78.3  82.1   5:10p  74.4   4:50a   0.0  13.3  0.15   2.8  15.0   7:10a    NE
10  76.9  80.1   4:40p  73.7   7:20a   0.0  11.9  0.38   4.0  15.0   2:30p    NE
11  78.7  83.9   2:40p  73.4   3:50a   0.0  13.7  0.00   4.8  17.0   3:50p   ESE
12  80.2  87.6   2:50p  72.8   7:10a   0.0  15.2  0.08   4.8  21.0   1:30p   ESE
13  82.1  89.1   4:20p  75.0   7:20a   0.0  17.1  0.01   6.4  24.0   3:30p   ENE
14  78.1  81.4  12:10p  74.8   9:10p   0.0  13.1  0.66   6.6  21.0   5:30p   ENE
15  79.1  83.9  12:50p  74.2   5:30a   0.0  14.1  1.91   6.9  29.0   2:10a   ESE
16  80.5  87.3   2:20p  73.7   5:30a   0.0  15.5  0.10   3.0  29.0   2:40p   ENE
17  81.3  91.1   2:40p  71.4   6:50a   0.0  16.3  0.00   2.4  13.0   1:00p    SE
18  83.6  92.7   3:40p  74.5   7:20a   0.0  18.6  0.00   2.0  11.0   1:40p   SSE
19  81.8  91.0   2:10p  72.7   6:50a   0.0  16.8  0.00   3.2  16.0   6:10p    SE
20  83.3  89.1   1:40p  77.6   6:50a   0.0  18.3  0.00   4.6  22.0   2:00p    SE
21  85.2  91.8   3:40p  78.5   6:30a   0.0  20.2  0.00   5.6  18.0   2:20p    SE
22  79.9  86.5   1:20p  73.3  12:00m   0.0  14.9  0.00   4.9  16.0   2:40p    NW
23  73.8  81.0   4:20p  66.5   7:20a   0.0   8.8  0.00   3.1  14.0  11:00a    NW
24  80.3  89.9   4:40p  70.6   7:30a   0.0  15.3  0.59   3.0  19.0   6:20p   SSE
25  83.4  91.7   2:50p  75.2   7:10a   0.0  18.4  0.00   4.9  19.0   4:30p    SE
26  81.9  91.2  12:50p  72.6  10:10p   0.0  16.9  0.84   3.2  18.0   2:20p    SE
27  73.9  81.3   6:10p  66.6   8:30a   0.0   8.9  0.04   4.0  17.0  11:20a     N
28  76.8  85.7   3:00p  67.8   6:40a   0.0  11.8  0.00   2.6  14.0   4:50p   ENE
29  78.1  84.0   2:10p  72.1   7:40a   0.0  13.1  0.28   4.2  17.0   6:50a   ESE
30  79.3  86.6  12:40p  71.9  12:00m   0.0  14.3  0.00   3.3  15.0   1:40p    NE
-------------------------------------------------------------------------------------
    80.7  95.8     1    66.5    23     0.0 469.5  6.83   4.0  29.0    15      SE

Max >=  90.0: 11
Max <=  32.0:  0
Min <=  32.0:  0
Min <=   0.0:  0
Max Rain: 1.91 ON 09/15/18
Days of Rain: 14 (>.01 in) 9 (>.1 in) 2 (>1 in)
Heat Base:  65.0  Cool Base:  65.0  Method: (High + Low) / 2