NOAA-Style Climate Reports

Select a Year or Month report
2022: Jan Feb Mar Apr May Jun Jul Aug Sep Oct Nov Dec
2021: Jan Feb Mar Apr May Jun Jul Aug Sep Oct Nov Dec
2020: Jan Feb Mar Apr May Jun Jul Aug Sep Oct Nov Dec
2019: Jan Feb Mar Apr May Jun Jul Aug Sep Oct Nov Dec
2018: Jan Feb Mar Apr May Jun Jul Aug Sep Oct Nov Dec
2017: Jan Feb Mar Apr May Jun Jul Aug Sep Oct Nov Dec

Report for 2018 November
                   MONTHLY CLIMATOLOGICAL SUMMARY for NOV. 2018

NAME: Skinner1   CITY: Schroeder   STATE: TX 
ELEV:   158 ft  LAT:  28° 50' 40" N  LONG:  97° 01' 32" W

                   TEMPERATURE (°F), RAIN  (in), WIND SPEED (mph)

                                      HEAT  COOL        AVG
    MEAN                              DEG   DEG         WIND                 DOM
DAY TEMP  HIGH   TIME   LOW    TIME   DAYS  DAYS  RAIN  SPEED HIGH   TIME    DIR
------------------------------------------------------------------------------------
 1  60.5  69.5   4:50p  51.4  12:00m   4.5   0.0  0.01   6.3  22.0  10:10a     N
 2  60.8  74.9   5:50p  46.6   7:10a   4.3   0.0  0.00   2.4  15.0   4:00p    NW
 3  64.1  77.7   1:10p  50.6   7:20a   0.9   0.0  0.00   4.3  26.0   1:40p   SSE
 4  67.4  74.4   2:30p  60.4   7:40a   0.0   2.4  0.01   4.7  25.0   6:50a   NNE
 5  73.4  83.6   3:00p  63.3   3:20a   0.0   8.4  0.00   4.8  26.0   1:10p   SSW
 6  79.6  86.5   3:10p  72.7  12:10a   0.0  14.6  0.00   3.7  15.0  12:30p   SSE
 7  80.9  87.8   3:10p  74.0  11:10p   0.0  15.9  0.00   3.2  16.0   9:50a   SSE
 8  70.1  76.2   3:20p  64.1  12:00m   0.0   5.1  0.00   5.0  14.0   8:20a    NE
 9  57.4  64.1  12:10a  50.8  10:40a   7.6   0.0  2.60  10.7  29.0   2:00a   NNE
10  51.7  55.0   2:30p  48.3  10:10p  13.3   0.0  0.00   6.3  19.0  11:40a    NE
11  52.2  56.3  10:50p  48.1   2:50a  12.8   0.0  0.18   5.6  15.0   4:50p    NE
12  49.1  56.4   1:30a  41.7  12:00m  15.9   0.0  0.03   9.3  29.0   5:50p     N
13  39.0  45.8   3:40p  32.2  12:00m  26.0   0.0  0.00   8.9  32.0   2:00a   NNW
14  41.0  54.8   3:20p  27.1   6:40a  24.0   0.0  0.00   3.8  21.0   1:30p     N
15  48.3  65.1   3:40p  31.4   6:00a  16.8   0.0  0.00   1.9  18.0  12:40p   SSE
16  53.6  70.0   2:10p  37.2   6:40a  11.4   0.0  0.00   2.8  20.0   1:30p    SE
17  59.8  74.4   1:10p  45.2   4:30a   5.2   0.0  0.00   3.2  18.0   3:20p   ESE
18  57.0  66.8   9:30a  47.1  10:30p   8.0   0.0  0.31   6.0  23.0   1:10p   NNE
19  47.4  51.2  10:00p  43.6   7:00a  17.6   0.0  0.01   7.0  18.0   2:30a     N
20  53.3  62.5   2:50p  44.0  11:10p  11.8   0.0  0.00   5.3  20.0  10:10a   NNE
21  50.1  55.9   1:00p  44.2  12:30a  14.9   0.0  0.07   4.4  13.0   3:00a    NE
22  55.2  60.9   3:00p  49.5  12:10a   9.8   0.0  0.08   2.8  14.0  12:40a   ENE
23  65.0  74.6   2:20p  55.4  12:00m   0.0   0.0  0.00   3.0  17.0   1:50p   WSW
24  61.3  72.5   3:10p  50.0   2:00a   3.8   0.0  0.00   1.3  11.0   4:20p   SSE
25  65.3  77.7   1:10p  52.9  12:00m   0.0   0.3  0.00   7.6  27.0   1:40p     N
26  48.8  60.2   3:40p  37.3  12:00m  16.3   0.0  0.00   6.3  21.0   6:00a     N
27  48.8  65.1   3:10p  32.6   7:20a  16.2   0.0  0.00   1.8  12.0   3:40p   SSE
28  57.6  70.4   2:10p  44.7   3:30a   7.4   0.0  0.00   2.3  24.0   1:40p     S
29  64.9  73.9  12:00p  55.9   6:50a   0.1   0.0  0.00   4.2  23.0   2:00p   SSE
30  72.0  77.3  12:30p  66.7   4:30a   0.0   7.0  0.00   6.5  24.0  12:20p   SSE
-------------------------------------------------------------------------------------
    58.5  87.8     7    27.1    14   248.5  53.8  3.30   4.8  32.0    13       N

Max >=  90.0:  0
Max <=  32.0:  0
Min <=  32.0:  2
Min <=   0.0:  0
Max Rain: 2.60 ON 11/09/18
Days of Rain: 6 (>.01 in) 3 (>.1 in) 1 (>1 in)
Heat Base:  65.0  Cool Base:  65.0  Method: (High + Low) / 2