NOAA-Style Climate Reports

Select a Year or Month report
2022: Jan Feb Mar Apr May Jun Jul Aug Sep Oct Nov Dec
2021: Jan Feb Mar Apr May Jun Jul Aug Sep Oct Nov Dec
2020: Jan Feb Mar Apr May Jun Jul Aug Sep Oct Nov Dec
2019: Jan Feb Mar Apr May Jun Jul Aug Sep Oct Nov Dec
2018: Jan Feb Mar Apr May Jun Jul Aug Sep Oct Nov Dec
2017: Jan Feb Mar Apr May Jun Jul Aug Sep Oct Nov Dec

Report for 2018 December
                   MONTHLY CLIMATOLOGICAL SUMMARY for DEC. 2018

NAME: Skinner1   CITY: Schroeder   STATE: TX 
ELEV:   158 ft  LAT:  28° 50' 40" N  LONG:  97° 01' 32" W

                   TEMPERATURE (°F), RAIN  (in), WIND SPEED (mph)

                                      HEAT  COOL        AVG
    MEAN                              DEG   DEG         WIND                 DOM
DAY TEMP  HIGH   TIME   LOW    TIME   DAYS  DAYS  RAIN  SPEED HIGH   TIME    DIR
------------------------------------------------------------------------------------
 1  68.6  81.1   3:00p  56.1  11:30p   0.0   3.6  0.00   5.4  23.0  10:10a   WNW
 2  63.3  77.3   3:00p  49.3   4:20a   1.7   0.0  0.00   3.9  17.0  12:50p   NNE
 3  59.3  69.0   3:10p  49.6   7:20a   5.7   0.0  0.00   6.3  19.0   3:30p   NNE
 4  53.8  62.8   2:40p  44.7   7:30a  11.3   0.0  0.00   4.8  17.0   5:30a   NNE
 5  52.3  59.0   3:10p  45.5   7:40a  12.8   0.0  0.00   4.6  15.0  12:30p    NE
 6  62.3  70.2   1:50p  54.4  12:10a   2.7   0.0  0.01   3.7  18.0   1:00p    SE
 7  59.3  69.0   9:20a  49.6  11:40p   5.7   0.0  2.41   6.3  22.0   7:10p     N
 8  47.8  49.8   3:20p  45.7  12:00m  17.3   0.0  0.42   9.9  24.0  12:30a   NNW
 9  46.8  52.4   4:20p  41.3   8:20a  18.2   0.0  0.00   6.4  23.0   5:10a   NNW
10  48.7  60.7   3:50p  36.7   7:20a  16.3   0.0  0.00   2.2  13.0   2:40p     N
11  47.6  61.8   2:40p  33.4   7:10a  17.4   0.0  0.00   2.4  14.0   1:10p    SE
12  60.5  70.5   1:40p  50.5   5:10a   4.5   0.0  0.00   4.5  24.0  12:20p    SE
13  62.4  75.0  12:20p  49.8  11:10p   2.6   0.0  0.10  12.7  39.0   5:50p   WNW
14  52.0  57.0   3:40p  47.0   7:20a  13.0   0.0  0.00  13.9  36.0   2:40a   WNW
15  54.2  66.5   3:30p  41.8  11:30p  10.8   0.0  0.00   5.3  19.0  12:20p   WNW
16  51.7  68.8   3:00p  34.6   7:10a  13.3   0.0  0.00   1.2   9.0   1:50p    NW
17  59.1  72.7   3:30p  45.6   7:20a   5.9   0.0  0.00   1.5  10.0   1:10p   NNW
18  54.7  65.6   2:20p  43.8   7:30a  10.3   0.0  0.01   2.7  14.0   4:40p     E
19  64.1  71.5   3:50p  56.6  12:00m   0.9   0.0  0.01   2.8  14.0  12:30p     E
20  56.6  66.2   2:20p  47.0  12:00m   8.4   0.0  0.00  10.2  35.0   1:20p   NNW
21  54.2  68.1   3:30p  40.2   7:20a  10.8   0.0  0.00   3.8  13.0   8:00p   WNW
22  61.8  78.1   3:20p  45.4   7:10a   3.3   0.0  0.00   4.8  27.0  10:20a   SSW
23  58.3  68.9   2:30p  47.6   6:40a   6.8   0.0  0.00   4.8  23.0  11:40a   NNE
24  58.9  72.2   4:20p  45.7   1:50a   6.1   0.0  0.00   4.2  18.0   2:00p    SE
25  65.2  73.9  12:50p  56.4   3:20a   0.0   0.2  0.00   5.7  25.0   5:10p    SE
26  69.0  73.2  10:50p  64.8  12:10a   0.0   4.0  0.05  11.8  42.0  10:20p    SE
27  63.6  74.0   3:50p  53.2   8:50p   1.4   0.0  0.10   5.7  32.0  12:40a    NE
28  52.9  60.3   2:50p  45.6   7:40a  12.1   0.0  0.00   7.5  21.0  10:20a   NNE
29  47.2  51.5  12:10a  42.8  12:00m  17.8   0.0  0.00   8.8  22.0   8:40a     N
30  43.3  46.0   3:20p  40.7   8:20a  21.7   0.0  0.01   5.1  16.0   5:40a   NNW
31  51.5  61.1   3:10p  41.9  12:00m  13.5   0.0  0.05   4.3  16.0   2:20a     W
-------------------------------------------------------------------------------------
    56.5  81.1     1    33.4    11   272.0   7.8  3.17   5.7  42.0    26     NNE

Max >=  90.0:  0
Max <=  32.0:  0
Min <=  32.0:  0
Min <=   0.0:  0
Max Rain: 2.41 ON 12/07/18
Days of Rain: 6 (>.01 in) 2 (>.1 in) 1 (>1 in)
Heat Base:  65.0  Cool Base:  65.0  Method: (High + Low) / 2