NOAA-Style Climate Reports

Select a Year or Month report
2022: Jan Feb Mar Apr May Jun Jul Aug Sep Oct Nov Dec
2021: Jan Feb Mar Apr May Jun Jul Aug Sep Oct Nov Dec
2020: Jan Feb Mar Apr May Jun Jul Aug Sep Oct Nov Dec
2019: Jan Feb Mar Apr May Jun Jul Aug Sep Oct Nov Dec
2018: Jan Feb Mar Apr May Jun Jul Aug Sep Oct Nov Dec
2017: Jan Feb Mar Apr May Jun Jul Aug Sep Oct Nov Dec

Report for 2019 February
                   MONTHLY CLIMATOLOGICAL SUMMARY for FEB. 2019

NAME: Skinner1   CITY: Schroeder   STATE: TX 
ELEV:   158 ft  LAT:  28° 50' 40" N  LONG:  97° 01' 32" W

                   TEMPERATURE (°F), RAIN  (in), WIND SPEED (mph)

                                      HEAT  COOL        AVG
    MEAN                              DEG   DEG         WIND                 DOM
DAY TEMP  HIGH   TIME   LOW    TIME   DAYS  DAYS  RAIN  SPEED HIGH   TIME    DIR
------------------------------------------------------------------------------------
 1  63.5  69.0   3:30p  57.9   1:20a   1.5   0.0  0.04   4.2  19.0  10:10p     E
 2  64.3  68.3   4:50p  60.3   3:20a   0.7   0.0  0.00   4.3  13.0   2:00p   ESE
 3  68.1  73.6   4:40p  62.5   1:00a   0.0   3.1  0.01   3.4  13.0   8:20p   SSE
 4  70.8  74.4   3:50p  67.2   4:50a   0.0   5.8  0.00   3.5  16.0  10:40p    SE
 5  71.9  75.9   3:10p  67.9   5:20a   0.0   6.9  0.00   6.0  21.0   2:20p   SSE
 6  74.8  78.9   2:50p  70.6   7:20a   0.0   9.8  0.00   9.2  32.0  11:50p   SSE
 7  58.4  72.6   3:20a  44.2  11:50p   6.6   0.0  0.00  10.2  36.0   4:30p   NNE
 8  40.4  44.3  12:10a  36.5   4:00p  24.6   0.0  0.00   9.9  24.0  12:20a   NNE
 9  38.8  40.8  11:00p  36.8   7:40a  26.2   0.0  0.02   6.7  17.0  12:20a   NNE
10  47.2  54.1   3:20p  40.3  12:50a  17.8   0.0  0.09   4.2  14.0   8:00a   NNW
11  61.9  73.7   1:30p  50.2   3:40a   3.1   0.0  0.04   3.3  21.0   1:20p    SE
12  54.8  66.1   4:00p  43.6  11:50p  10.2   0.0  0.02   7.4  23.0   2:40a     N
13  50.1  67.8   3:50p  32.3   7:10a  14.9   0.0  0.00   4.4  20.0   5:50p    SE
14  62.2  74.3   2:50p  50.0   3:40a   2.8   0.0  0.00   5.1  27.0  12:30p   SSE
15  69.3  82.7   4:10p  56.0   1:50a   0.0   4.3  0.00   4.9  22.0   4:20a   SSE
16  60.5  66.4   3:10a  54.5  11:50a   4.5   0.0  0.01   5.0  19.0   8:10a   NNE
17  58.8  69.1   3:40p  48.6  12:00m   6.2   0.0  0.03   6.8  24.0   4:30p     N
18  55.3  66.1   3:40p  44.6   6:10a   9.7   0.0  0.00   7.7  24.0  10:40a    NE
19  49.9  56.6  12:10a  43.3  12:00m  15.1   0.0  0.03   7.6  21.0  11:10p     N
20  55.3  67.9   4:00p  42.7   7:10a   9.7   0.0  0.01   5.8  17.0  12:20a   NNW
21  55.2  57.1   2:40p  53.3  12:00m   9.8   0.0  0.00   5.3  15.0   9:10p    NE
22  57.4  62.7   4:50p  52.1   4:50a   7.6   0.0  0.02   3.9  13.0   1:00a    NE
23  65.2  75.8   3:10p  54.5  11:20p   0.0   0.2  0.00   5.0  23.0  10:50a   NNW
24  57.0  68.1   4:20p  46.0   7:30a   8.0   0.0  0.00   5.3  19.0   2:40p   NNE
25  54.6  63.0   4:20p  46.2   3:30a  10.4   0.0  0.00   4.8  17.0  11:40a     E
26  61.3  64.7   3:20p  57.8   4:10a   3.8   0.0  1.03   3.5  11.0   9:00a    NE
27  69.9  76.3   3:20p  63.4  12:10a   0.0   4.9  0.02   1.8  10.0   4:40p    SE
28  54.8  66.9  12:10a  42.8   8:00p  10.2   0.0  0.09   6.9  20.0   5:00a     N
-------------------------------------------------------------------------------------
    59.0  82.7    15    32.3    13   203.2  34.9  1.46   5.6  36.0     7     NNE

Max >=  90.0:  0
Max <=  32.0:  0
Min <=  32.0:  0
Min <=   0.0:  0
Max Rain: 1.03 ON 02/26/19
Days of Rain: 11 (>.01 in) 1 (>.1 in) 1 (>1 in)
Heat Base:  65.0  Cool Base:  65.0  Method: (High + Low) / 2