NOAA-Style Climate Reports

Select a Year or Month report
2022: Jan Feb Mar Apr May Jun Jul Aug Sep Oct Nov Dec
2021: Jan Feb Mar Apr May Jun Jul Aug Sep Oct Nov Dec
2020: Jan Feb Mar Apr May Jun Jul Aug Sep Oct Nov Dec
2019: Jan Feb Mar Apr May Jun Jul Aug Sep Oct Nov Dec
2018: Jan Feb Mar Apr May Jun Jul Aug Sep Oct Nov Dec
2017: Jan Feb Mar Apr May Jun Jul Aug Sep Oct Nov Dec

Report for 2019 March
                   MONTHLY CLIMATOLOGICAL SUMMARY for MAR. 2019

NAME: Skinner1   CITY: Schroeder   STATE: TX 
ELEV:   158 ft  LAT:  28° 50' 40" N  LONG:  97° 01' 32" W

                   TEMPERATURE (°F), RAIN  (in), WIND SPEED (mph)

                                      HEAT  COOL        AVG
    MEAN                              DEG   DEG         WIND                 DOM
DAY TEMP  HIGH   TIME   LOW    TIME   DAYS  DAYS  RAIN  SPEED HIGH   TIME    DIR
------------------------------------------------------------------------------------
 1  52.0  60.8   3:40p  43.3  12:10a  13.0   0.0  0.01   3.3  13.0   9:50a   NNE
 2  63.1  69.2   3:20p  57.0  11:50p   1.9   0.0  0.07   4.0  13.0   5:20p    NE
 3  48.0  57.1  12:10a  38.9  12:00m  17.0   0.0  0.02   9.9  29.0   3:20p     N
 4  36.1  39.8   1:10a  32.4   7:40a  28.9   0.0  0.00  10.9  30.0   7:30a     N
 5  38.7  47.9   3:30p  29.5   6:40a  26.3   0.0  0.00   7.1  21.0  10:10a     N
 6  45.9  59.3   2:00p  32.6   4:00a  19.1   0.0  0.01   4.7  27.0   1:30p    SE
 7  62.6  73.8   4:40p  51.3  12:10a   2.4   0.0  0.01   3.5  18.0   2:20p   SSE
 8  72.6  77.9  11:40a  67.3   1:10a   0.0   7.6  0.00   7.5  23.0   4:00p   SSE
 9  77.2  85.4   4:20p  68.9   9:30p   0.0  12.2  0.00   6.4  28.0   2:10a   SSE
10  73.7  78.5   4:20p  68.8   1:30a   0.0   8.7  0.01   6.1  18.0   1:50p    SE
11  72.8  78.7   5:00p  66.8   1:00p   0.0   7.8  0.02   4.4  16.0   4:10p   ESE
12  74.7  80.2   3:30p  69.2   5:50a   0.0   9.7  0.05  11.2  38.0  12:00m    SE
13  77.8  83.4   4:30p  72.1   9:00p   0.0  12.8  0.00  11.3  36.0  12:20a   SSE
14  68.9  76.6   4:40p  61.3  12:00m   0.0   3.9  0.00   8.9  28.0   1:00a   NNE
15  57.2  61.3  12:10a  53.1   7:50a   7.8   0.0  0.00   9.3  24.0   6:10a   NNE
16  55.8  59.2   3:50p  52.5   7:30a   9.2   0.0  0.00   3.9  17.0  10:10a   NNE
17  58.4  66.5   3:50p  50.3   8:10a   6.6   0.0  0.00   2.9  15.0   1:30p     E
18  58.6  67.8   3:40p  49.4   5:50a   6.4   0.0  0.00   3.6  19.0   4:00p     E
19  56.3  66.5   2:30p  46.2   5:50a   8.7   0.0  0.00   4.7  19.0  12:00p   ESE
20  64.2  75.0   3:40p  53.3   6:00a   0.8   0.0  0.00   3.2  15.0  10:20a     E
21  65.0  78.9   5:10p  51.1   8:00a   0.0   0.0  0.00   2.1  13.0  10:20a   SSE
22  64.3  77.4   2:50p  51.3   7:20a   0.7   0.0  0.00   5.5  24.0   5:20p    SE
23  69.8  77.1   1:30p  62.5   4:50a   0.0   4.8  0.00   8.6  25.0   6:10p    SE
24  70.8  79.2   1:20p  62.3   6:40a   0.0   5.8  0.00   5.5  21.0   1:20p   SSE
25  75.8  84.7   5:20p  66.8   7:50a   0.0  10.8  0.00   3.3  14.0  10:20p   SSE
26  69.8  80.4   3:50p  59.3  12:00m   0.0   4.8  0.00   5.5  18.0   9:50a    NE
27  63.8  75.7   3:10p  51.8   7:50a   1.3   0.0  0.01   5.5  23.0   2:10p    SE
28  64.8  77.0   3:20p  52.5   7:50a   0.3   0.0  0.00   6.2  25.0   2:00p    SE
29  70.3  80.1   3:30p  60.6   5:40a   0.0   5.3  0.00   6.7  31.0   3:30p   SSE
30  66.3  78.1   2:20p  54.6  11:50p   0.0   1.3  0.00   8.2  32.0   3:30p     N
31  48.0  54.6  12:10a  41.4  11:50p  17.0   0.0  0.45   6.5  36.0   1:10a     N
-------------------------------------------------------------------------------------
    62.7  85.4     9    29.5     5   167.1  95.4  0.66   6.1  38.0    12      SE

Max >=  90.0:  0
Max <=  32.0:  0
Min <=  32.0:  1
Min <=   0.0:  0
Max Rain: 0.45 ON 03/31/19
Days of Rain: 5 (>.01 in) 1 (>.1 in) 0 (>1 in)
Heat Base:  65.0  Cool Base:  65.0  Method: (High + Low) / 2