NOAA-Style Climate Reports

Select a Year or Month report
2022: Jan Feb Mar Apr May Jun Jul Aug Sep Oct Nov Dec
2021: Jan Feb Mar Apr May Jun Jul Aug Sep Oct Nov Dec
2020: Jan Feb Mar Apr May Jun Jul Aug Sep Oct Nov Dec
2019: Jan Feb Mar Apr May Jun Jul Aug Sep Oct Nov Dec
2018: Jan Feb Mar Apr May Jun Jul Aug Sep Oct Nov Dec
2017: Jan Feb Mar Apr May Jun Jul Aug Sep Oct Nov Dec

Report for 2019 April
                   MONTHLY CLIMATOLOGICAL SUMMARY for APR. 2019

NAME: Skinner1   CITY: Schroeder   STATE: TX 
ELEV:   158 ft  LAT:  28° 50' 40" N  LONG:  97° 01' 32" W

                   TEMPERATURE (°F), RAIN  (in), WIND SPEED (mph)

                                      HEAT  COOL        AVG
    MEAN                              DEG   DEG         WIND                 DOM
DAY TEMP  HIGH   TIME   LOW    TIME   DAYS  DAYS  RAIN  SPEED HIGH   TIME    DIR
------------------------------------------------------------------------------------
 1  49.1  58.5   5:40p  39.7   3:00a  15.9   0.0  0.00   3.4  15.0  12:00p   NNE
 2  53.0  70.7   4:20p  35.3   7:30a  12.0   0.0  0.00   3.8  16.0   4:20p    SE
 3  62.8  70.6  12:50p  54.9   1:30a   2.3   0.0  0.04   6.0  23.0   1:30p    SE
 4  74.9  81.8   7:20p  68.0  12:00m   0.0   9.9  0.02   5.1  21.0  12:20p   SSE
 5  73.3  83.7   4:50p  63.0   4:00a   0.0   8.3  0.02   3.1  15.0   6:20p    SE
 6  76.6  83.1   4:00p  70.1   6:40a   0.0  11.6  0.00   6.7  25.0   2:20p    SE
 7  69.1  75.9   4:10p  62.2  11:30a   0.0   4.1  0.78   6.2  39.0   9:00a    NW
 8  70.8  85.1   5:40p  56.6   7:00a   0.0   5.8  0.00   4.4  23.0   2:40p   WNW
 9  74.2  90.4   4:40p  58.0   7:10a   0.0   9.2  0.00   2.2  12.0   1:40p   SSE
10  75.9  90.1   3:30p  61.8   7:50a   0.0  10.9  0.00   7.1  31.0   5:00p   SSE
11  73.8  83.6   4:00p  64.1  11:50p   0.0   8.8  0.00   5.5  26.0   4:10a   SSE
12  68.6  76.9   4:00p  60.3   3:20a   0.0   3.6  0.00   5.1  20.0   6:40p    NE
13  68.5  82.3  12:50p  54.7  12:00m   0.0   3.5  0.00  12.3  42.0   5:10p    SE
14  58.7  73.8   6:30p  43.5   7:20a   6.3   0.0  0.00   5.8  39.0  12:20a   NNW
15  63.3  79.0   4:00p  47.5   7:30a   1.8   0.0  0.00   5.7  24.0   1:30p    SE
16  71.2  80.0   1:30p  62.4   6:20a   0.0   6.2  0.00   9.2  31.0   2:20p    SE
17  74.4  78.1   3:40p  70.8   1:20a   0.0   9.4  0.02   8.8  26.0   3:40p    SE
18  67.4  77.2   6:00p  57.7  12:00m   0.0   2.4  0.68   8.8  34.0   2:40a   NNW
19  64.3  76.6   3:50p  52.1   6:40a   0.7   0.0  0.00   5.1  26.0   3:10p   NNW
20  64.4  81.3   4:40p  47.4   7:20a   0.6   0.0  0.00   3.2  17.0   7:40p   SSE
21  70.7  80.6   3:10p  60.8   3:40a   0.0   5.7  0.01   9.1  30.0   6:10p    SE
22  72.4  77.5   1:00p  67.3   6:40a   0.0   7.4  0.00   8.3  26.0   1:00p    SE
23  73.7  77.9   2:00p  69.4   1:30a   0.0   8.7  0.01   7.8  25.0  12:50p    SE
24  71.1  79.9   4:10p  62.3  11:40p   0.0   6.1  0.49   7.4  26.0   1:40p    SE
25  71.1  85.3   6:50p  56.9   7:20a   0.0   6.1  0.01   4.5  20.0  12:40p    NW
26  72.2  85.9   4:00p  58.4   6:50a   0.0   7.2  0.00   2.4  14.0   7:40a     N
27  70.9  82.7   3:30p  59.2   7:10a   0.0   5.9  0.00   5.1  23.0   5:40p    SE
28  72.3  81.7   2:40p  63.0   7:10a   0.0   7.3  0.00   6.8  24.0   4:30p    SE
29  74.4  81.0   3:30p  67.9   7:10a   0.0   9.4  0.00   7.5  24.0  11:40a    SE
30  79.4  83.6   3:40p  75.2   6:50a   0.0  14.4  0.00  11.3  31.0   1:50p    SE
-------------------------------------------------------------------------------------
    69.4  90.4     9    35.3     2    39.5 172.2  2.08   6.3  42.0    13      SE

Max >=  90.0:  2
Max <=  32.0:  0
Min <=  32.0:  0
Min <=   0.0:  0
Max Rain: 0.78 ON 04/07/19
Days of Rain: 7 (>.01 in) 3 (>.1 in) 0 (>1 in)
Heat Base:  65.0  Cool Base:  65.0  Method: (High + Low) / 2