NOAA-Style Climate Reports

Select a Year or Month report
2022: Jan Feb Mar Apr May Jun Jul Aug Sep Oct Nov Dec
2021: Jan Feb Mar Apr May Jun Jul Aug Sep Oct Nov Dec
2020: Jan Feb Mar Apr May Jun Jul Aug Sep Oct Nov Dec
2019: Jan Feb Mar Apr May Jun Jul Aug Sep Oct Nov Dec
2018: Jan Feb Mar Apr May Jun Jul Aug Sep Oct Nov Dec
2017: Jan Feb Mar Apr May Jun Jul Aug Sep Oct Nov Dec

Report for 2019 June
                   MONTHLY CLIMATOLOGICAL SUMMARY for JUN. 2019

NAME: Skinner1   CITY: Schroeder   STATE: TX 
ELEV:   158 ft  LAT:  28° 50' 40" N  LONG:  97° 01' 32" W

                   TEMPERATURE (°F), RAIN  (in), WIND SPEED (mph)

                                      HEAT  COOL        AVG
    MEAN                              DEG   DEG         WIND                 DOM
DAY TEMP  HIGH   TIME   LOW    TIME   DAYS  DAYS  RAIN  SPEED HIGH   TIME    DIR
------------------------------------------------------------------------------------
 1  81.8  91.6   2:50p  71.9   6:40a   0.0  16.8  0.00   3.0  18.0   4:40p    SE
 2  82.8  93.0   4:20p  72.6   6:50a   0.0  17.8  0.01   3.9  18.0   8:20p    SE
 3  82.4  91.9   2:20p  72.9   6:40a   0.0  17.4  0.00   4.5  24.0   6:00p    SE
 4  82.4  90.9   2:40p  73.9   7:00a   0.0  17.4  0.20   4.5  32.0   3:00p   ESE
 5  83.8  92.1   5:40p  75.4   7:30a   0.0  18.8  0.06   4.2  17.0   1:00p    NE
 6  83.6  95.4   4:30p  71.8   6:50a   0.0  18.6  1.92   3.8  36.0   6:40p    SE
 7  85.2  96.8   4:50p  73.5   1:40a   0.0  20.2  0.00   3.5  16.0  10:50a    SW
 8  84.3  96.6   5:20p  72.1   6:40a   0.0  19.3  0.00   1.5  10.0  12:20p   ENE
 9  85.6  94.7   4:20p  76.4   5:50a   0.0  20.6  0.00   3.7  29.0  10:00p    SE
10  82.0  88.3   4:10p  75.7  12:00m   0.0  17.0  0.00   6.7  22.0   1:20a     N
11  79.3  86.5   3:30p  72.0   7:40p   0.0  14.3  0.55   3.4  19.0   4:20p     N
12  79.6  89.2   4:40p  70.0   4:10a   0.0  14.6  0.00   2.6  13.0  11:10a    NE
13  80.2  91.5   4:40p  68.9   6:30a   0.0  15.2  0.00   1.5  10.0  12:40p   ENE
14  80.4  89.4   3:30p  71.3   6:30a   0.0  15.4  0.00   5.3  23.0   4:30p    SE
15  82.9  90.9   1:50p  74.8   7:10a   0.0  17.9  0.00   7.6  31.0   3:20p   SSE
16  83.2  90.4   1:50p  75.9   6:50a   0.0  18.2  0.00   7.2  26.0  10:50a   SSE
17  79.2  90.4   5:40p  67.9   6:30a   0.0  14.2  1.63   3.6  35.0   3:00a    NE
18  83.3  92.6   5:00p  74.1   6:50a   0.0  18.3  0.00   2.9  15.0   9:10p   SSE
19  84.9  93.0   2:30p  76.9   1:50a   0.0  19.9  0.00   5.5  23.0   7:30p   SSE
20  85.3  91.3   1:10p  79.2   5:20a   0.0  20.3  0.00   7.3  22.0  12:40p   SSE
21  85.4  90.8   2:30p  80.0   5:30a   0.0  20.4  0.00   8.0  28.0  11:50a   SSE
22  84.9  91.0   2:50p  78.9   6:40a   0.0  19.9  0.00   8.6  29.0   1:30p   SSE
23  85.6  90.7   2:30p  80.5   5:20a   0.0  20.6  0.00   8.7  26.0   5:00p   SSE
24  77.1  84.5   3:20p  69.7   9:50a   0.0  12.1  0.22   7.4  33.0   9:10a   SSE
25  78.8  85.4  11:10a  72.1   6:50a   0.0  13.8  0.29   5.1  28.0   3:20p    SE
26  82.0  89.5   2:10p  74.5  12:10a   0.0  17.0  0.00   5.5  23.0   1:40p    SE
27  84.1  90.6   2:20p  77.7  12:00m   0.0  19.1  0.00   4.5  18.0   2:30p    SE
28  83.6  92.2   2:30p  74.9   6:40a   0.0  18.6  0.01   3.0  22.0   3:10p    SE
29  83.4  94.7   4:20p  72.2   6:30a   0.0  18.4  0.01   2.5  16.0   7:30p    SE
30  77.3  85.6   5:50p  69.0   7:40a   0.0  12.3  0.15   3.4  29.0   7:30p    SE
-------------------------------------------------------------------------------------
    82.5  96.8     7    67.9    17     0.0 524.1  5.05   4.8  36.0     6      SE

Max >=  90.0: 22
Max <=  32.0:  0
Min <=  32.0:  0
Min <=   0.0:  0
Max Rain: 1.92 ON 06/06/19
Days of Rain: 8 (>.01 in) 7 (>.1 in) 2 (>1 in)
Heat Base:  65.0  Cool Base:  65.0  Method: (High + Low) / 2