NOAA-Style Climate Reports

Select a Year or Month report
2022: Jan Feb Mar Apr May Jun Jul Aug Sep Oct Nov Dec
2021: Jan Feb Mar Apr May Jun Jul Aug Sep Oct Nov Dec
2020: Jan Feb Mar Apr May Jun Jul Aug Sep Oct Nov Dec
2019: Jan Feb Mar Apr May Jun Jul Aug Sep Oct Nov Dec
2018: Jan Feb Mar Apr May Jun Jul Aug Sep Oct Nov Dec
2017: Jan Feb Mar Apr May Jun Jul Aug Sep Oct Nov Dec

Report for 2019 July
                   MONTHLY CLIMATOLOGICAL SUMMARY for JUL. 2019

NAME: Skinner1   CITY: Schroeder   STATE: TX 
ELEV:   158 ft  LAT:  28° 50' 40" N  LONG:  97° 01' 32" W

                   TEMPERATURE (°F), RAIN  (in), WIND SPEED (mph)

                                      HEAT  COOL        AVG
    MEAN                              DEG   DEG         WIND                 DOM
DAY TEMP  HIGH   TIME   LOW    TIME   DAYS  DAYS  RAIN  SPEED HIGH   TIME    DIR
------------------------------------------------------------------------------------
 1  83.1  90.3   2:40p  75.9   2:30a   0.0  18.1  0.00   4.7  20.0   5:50p    SE
 2  81.7  88.3  11:50a  75.1   5:00p   0.0  16.7  1.37   3.3  30.0   1:10p    SE
 3  81.7  89.8   1:40p  73.5  12:00m   0.0  16.7  0.01   6.4  27.0  11:20p    SE
 4  81.8  90.1   3:00p  73.5  12:10a   0.0  16.8  0.01   7.0  27.0   2:10p    SE
 5  85.1  91.8   2:20p  78.3   1:30a   0.0  20.1  0.00   7.0  23.0   4:20p    SE
 6  84.0  92.8   2:10p  75.2   7:00a   0.0  19.0  0.00   4.4  18.0   5:30p    SE
 7  84.2  92.8   5:00p  75.5   7:00a   0.0  19.2  0.00   3.9  18.0   6:10p    SE
 8  84.6  93.6   2:50p  75.5   6:10a   0.0  19.6  0.00   4.7  18.0   5:10p    SE
 9  85.3  93.7   3:20p  77.0   7:00a   0.0  20.3  0.00   5.6  21.0   5:20p    SE
10  85.1  94.6   3:40p  75.6   6:40a   0.0  20.1  0.00   3.3  17.0   4:50p    SE
11  84.4  94.3   4:30p  74.5   6:50a   0.0  19.4  0.00   4.4  21.0  12:30p     N
12  86.1  95.4   2:40p  76.7   6:10a   0.0  21.1  0.00   2.6  13.0  10:30a     N
13  83.7  96.0   5:30p  71.4   6:10a   0.0  18.7  0.00   4.0  17.0   1:40p    NW
14  86.4  95.4   2:50p  77.3   5:30a   0.0  21.4  0.00   3.3  19.0   3:00p   SSE
15  86.2  94.8   3:20p  77.6   6:50a   0.0  21.2  0.00   4.9  20.0   5:10p   SSE
16  85.8  93.5   2:20p  78.2   5:00a   0.0  20.8  0.00   6.5  25.0   3:20p    SE
17  86.2  94.5   3:30p  77.8   6:50a   0.0  21.2  0.00   7.1  26.0   3:20p    SE
18  85.4  94.8   2:20p  75.9   7:00a   0.0  20.4  0.00   6.9  26.0   3:30p    SE
19  84.7  94.0   2:50p  75.3   6:40a   0.0  19.7  0.00   6.6  24.0   4:10p    SE
20  84.9  95.8   3:40p  74.0   6:20a   0.0  19.9  0.00   5.9  22.0   3:50p    SE
21  84.0  95.1   1:50p  72.9   7:30a   0.0  19.0  0.00   5.6  22.0   6:10p    SE
22  86.8  97.4   3:40p  76.1  11:30p   0.0  21.8  0.00   1.8  24.0   4:20p   SSW
23  83.1  92.7   5:30p  73.6   6:30a   0.0  18.1  0.15   4.8  21.0   5:20p    NE
24  79.0  89.5   5:00p  68.5  12:00m   0.0  14.0  0.00   5.1  21.0   2:10p    NE
25  77.3  91.9   5:10p  62.6   7:10a   0.0  12.3  0.00   3.3  18.0   2:20p    NE
26  79.6  94.8   5:00p  64.3   6:40a   0.0  14.6  0.00   3.7  19.0   3:40p    SE
27  82.3  95.4   2:30p  69.1   6:50a   0.0  17.3  0.00   3.7  20.0   4:10p    SE
28  85.4  95.0   3:20p  75.8   5:50a   0.0  20.4  0.00   7.1  29.0   1:20p   SSE
29  87.1  96.9   4:20p  77.2   3:50a   0.0  22.1  0.00   6.8  26.0  11:00a    SE
30  87.8  99.5   4:50p  76.2   7:00a   0.0  22.8  0.00   4.6  22.0   6:40p   SSE
31  86.1  97.6   3:10p  74.7   6:30a   0.0  21.1  0.00   4.0  19.0   3:40p    SE
-------------------------------------------------------------------------------------
    84.1  99.5    30    62.6    25     0.0 593.4  1.54   4.9  30.0     2      SE

Max >=  90.0: 28
Max <=  32.0:  0
Min <=  32.0:  0
Min <=   0.0:  0
Max Rain: 1.37 ON 07/02/19
Days of Rain: 2 (>.01 in) 2 (>.1 in) 1 (>1 in)
Heat Base:  65.0  Cool Base:  65.0  Method: (High + Low) / 2