NOAA-Style Climate Reports

Select a Year or Month report
2022: Jan Feb Mar Apr May Jun Jul Aug Sep Oct Nov Dec
2021: Jan Feb Mar Apr May Jun Jul Aug Sep Oct Nov Dec
2020: Jan Feb Mar Apr May Jun Jul Aug Sep Oct Nov Dec
2019: Jan Feb Mar Apr May Jun Jul Aug Sep Oct Nov Dec
2018: Jan Feb Mar Apr May Jun Jul Aug Sep Oct Nov Dec
2017: Jan Feb Mar Apr May Jun Jul Aug Sep Oct Nov Dec

Report for 2019 November
                   MONTHLY CLIMATOLOGICAL SUMMARY for NOV. 2019

NAME: Skinner1   CITY: Schroeder   STATE: TX 
ELEV:   158 ft  LAT:  28° 50' 40" N  LONG:  97° 01' 32" W

                   TEMPERATURE (°F), RAIN  (in), WIND SPEED (mph)

                                      HEAT  COOL        AVG
    MEAN                              DEG   DEG         WIND                 DOM
DAY TEMP  HIGH   TIME   LOW    TIME   DAYS  DAYS  RAIN  SPEED HIGH   TIME    DIR
------------------------------------------------------------------------------------
 1  47.9  63.2   3:10p  32.6   7:50a  17.1   0.0  0.00   1.4  13.0  10:40a   ESE
 2  56.3  69.3   4:30p  43.3   8:00a   8.7   0.0  0.00   2.4  17.0  12:50p    NE
 3  55.3  72.6   2:20p  37.9   7:00a   9.8   0.0  0.00   3.5  23.0   2:50p    SE
 4  66.1  81.5   2:50p  50.6   6:50a   0.0   1.1  0.00   3.0  18.0  12:00p   SSE
 5  73.7  84.1   2:40p  63.2   5:50a   0.0   8.7  0.01   3.8  16.0   6:10p    SE
 6  74.1  83.7   1:50p  64.4  11:40p   0.0   9.1  0.00   5.4  20.0  11:20a   ESE
 7  62.3  77.2  12:40p  47.5  12:00m   2.7   0.0  0.08   5.9  28.0   3:40p     N
 8  48.6  51.1  12:50p  46.1   2:30a  16.4   0.0  0.07   7.9  24.0   1:30a     N
 9  56.5  69.7   3:50p  43.3   7:00a   8.5   0.0  0.00   1.5  11.0   9:50a   NNW
10  59.7  76.0   2:30p  43.3   4:40a   5.3   0.0  0.00   2.4  19.0  11:30a   SSE
11  58.3  80.0   1:00p  36.5  12:00m   6.8   0.0  0.06   7.8  37.0   3:50p     N
12  37.6  42.5   3:30p  32.7   8:50a  27.4   0.0  0.05   9.6  34.0  12:10a     N
13  37.2  42.1   4:30p  32.2   3:20a  27.8   0.0  0.01   2.1   9.0   6:40a    NE
14  43.9  48.3   3:30p  39.5   2:00a  21.1   0.0  0.16   6.3  20.0   4:20p     N
15  49.8  62.1   3:10p  37.6   6:50a  15.2   0.0  0.01   3.0  13.0   2:30p    NW
16  49.7  66.4   2:30p  33.0   7:10a  15.3   0.0  0.01   1.6  13.0   2:00p    SE
17  55.5  71.4   2:40p  39.5   2:10a   9.5   0.0  0.00   1.6  11.0  12:20p    SE
18  61.4  76.1   3:30p  46.8   7:20a   3.6   0.0  0.01   1.3  12.0   2:00p    SE
19  63.1  78.9   2:50p  47.2   4:10a   1.9   0.0  0.02   2.7  15.0   2:10p    SE
20  70.6  82.2   2:00p  59.1   6:10a   0.0   5.6  0.02   7.4  34.0  12:40p    SE
21  75.3  80.8   1:50p  69.7   2:40a   0.0  10.3  0.00   7.3  31.0  11:10a   SSE
22  65.9  78.4  10:50a  53.5  12:00m   0.0   0.9  0.00   5.8  22.0   5:20p     N
23  56.8  69.5   3:50p  44.0   7:40a   8.3   0.0  0.00   4.5  18.0   1:00a     N
24  57.8  75.1   3:20p  40.5   5:10a   7.2   0.0  0.00   2.5  13.0   2:40p   SSE
25  66.8  83.7   3:20p  49.9   4:50a   0.0   1.8  0.00   5.1  22.0  11:20a   SSW
26  74.9  83.4   2:10p  66.5   2:30a   0.0   9.9  0.00   6.1  23.0   5:30a   SSE
27  64.9  70.6   1:40a  59.3  11:10p   0.1   0.0  0.00   9.4  32.0   3:00a   NNE
28  57.3  61.7   3:50p  52.8   7:30a   7.8   0.0  0.03   4.4  15.0  10:50a     N
29  68.4  78.6   1:40p  58.2   4:00a   0.0   3.4  0.06   7.0  25.0   1:30p   SSE
30  76.6  86.3   3:50p  66.9  10:20p   0.0  11.6  0.00   6.5  25.0   1:10a     S
-------------------------------------------------------------------------------------
    59.7  86.3    30    32.2    13   220.3  62.4  0.60   4.6  37.0    11       N

Max >=  90.0:  0
Max <=  32.0:  0
Min <=  32.0:  0
Min <=   0.0:  0
Max Rain: 0.16 ON 11/14/19
Days of Rain: 9 (>.01 in) 1 (>.1 in) 0 (>1 in)
Heat Base:  65.0  Cool Base:  65.0  Method: (High + Low) / 2