NOAA-Style Climate Reports

Select a Year or Month report
2022: Jan Feb Mar Apr May Jun Jul Aug Sep Oct Nov Dec
2021: Jan Feb Mar Apr May Jun Jul Aug Sep Oct Nov Dec
2020: Jan Feb Mar Apr May Jun Jul Aug Sep Oct Nov Dec
2019: Jan Feb Mar Apr May Jun Jul Aug Sep Oct Nov Dec
2018: Jan Feb Mar Apr May Jun Jul Aug Sep Oct Nov Dec
2017: Jan Feb Mar Apr May Jun Jul Aug Sep Oct Nov Dec

Report for 2020 April
                   MONTHLY CLIMATOLOGICAL SUMMARY for APR. 2020

NAME: Skinner1   CITY: Schroeder   STATE: TX 
ELEV:   158 ft  LAT:  28° 50' 40" N  LONG:  97° 01' 32" W

                   TEMPERATURE (°F), RAIN  (in), WIND SPEED (mph)

                                      HEAT  COOL        AVG
    MEAN                              DEG   DEG         WIND                 DOM
DAY TEMP  HIGH   TIME   LOW    TIME   DAYS  DAYS  RAIN  SPEED HIGH   TIME    DIR
------------------------------------------------------------------------------------
 1  64.3  77.6   4:50p  51.0   7:20a   0.7   0.0  0.00   5.6  21.0   4:50p    SE
 2  66.8  75.3   2:20p  58.2   3:20a   0.0   1.8  0.03   6.7  24.0   1:40p    SE
 3  72.5  79.9   2:00p  65.1  12:00m   0.0   7.5  0.11   7.4  23.0   3:50p    SE
 4  56.8  65.2  12:10a  48.3   8:30a   8.3   0.0  0.66   7.7  23.0  11:30a     N
 5  63.2  73.8   2:50p  52.6  12:10a   1.8   0.0  0.01   5.0  15.0  11:20a     N
 6  68.5  74.0   6:30p  63.0   3:30a   0.0   3.5  0.10   1.6  11.0  11:50a    NE
 7  78.6  85.4   5:40p  71.8   7:20a   0.0  13.6  0.01   2.9  15.0   3:50p   SSE
 8  81.3  90.5   5:20p  72.1   3:00a   0.0  16.3  0.00   3.2  17.0   7:10p   SSE
 9  77.8  88.5   4:30p  67.2  11:10p   0.0  12.8  0.16   3.0  27.0   7:00p    SE
10  72.7  78.3   2:30p  67.0  12:00m   0.0   7.7  0.00   6.2  20.0  12:00p    NE
11  73.6  82.0   3:10p  65.2   5:30a   0.0   8.6  0.00   7.6  27.0   3:20p    SE
12  78.2  89.5   3:30p  66.9  11:50p   0.0  13.2  0.00  11.3  37.0   4:10p   WNW
13  59.9  69.5   5:20p  50.3   7:50a   5.1   0.0  0.00   8.4  25.0   5:30a   NNE
14  61.0  70.3   4:10p  51.7   3:10a   4.0   0.0  0.00   8.7  23.0   8:10a   NNE
15  58.9  70.3   5:50p  47.4   7:20a   6.1   0.0  0.00   4.7  19.0  12:40p     N
16  62.9  79.3   4:20p  46.4   7:00a   2.1   0.0  0.00   5.4  24.0   6:00p    SE
17  71.1  79.2   1:20p  63.1  12:00m   0.0   6.1  0.24   3.0  19.0  10:40p    SE
18  60.2  65.1  11:20p  55.3   6:50a   4.8   0.0  0.10   4.8  20.0   1:10a   NNE
19  76.8  88.4   6:20p  65.1  12:10a   0.0  11.8  0.08   3.5  20.0   1:40p    SE
20  75.4  92.2   4:00p  58.6   7:00a   0.0  10.4  0.01   3.9  21.0   4:00p    SE
21  79.0  88.0   2:30p  70.0   2:40a   0.0  14.0  0.00   7.4  27.0   4:10p    SE
22  79.6  86.9   3:30p  72.3  12:10a   0.0  14.6  0.00   7.6  26.0   3:10p   SSE
23  78.7  89.9   4:30p  67.4  12:00m   0.0  13.7  0.00   6.1  23.0  10:50a     N
24  77.3  96.3   4:50p  58.2   4:20a   0.0  12.3  0.00   5.0  23.0  11:40a   SSE
25  74.8  81.9   4:30p  67.6   7:00a   0.0   9.8  0.00   6.4  25.0   2:10p    NE
26  71.9  87.2   3:30p  56.6   7:30a   0.0   6.9  0.00   4.9  18.0   5:20p    SE
27  73.2  85.9   3:40p  60.5   4:50a   0.0   8.2  0.00   7.8  30.0   3:20p    SE
28  83.6  93.0   2:40p  74.2   3:40a   0.0  18.6  0.00   9.1  29.0   5:40p   SSE
29  72.8  84.1   4:50p  61.6  12:00m   0.0   7.8  0.17   6.5  46.0   7:00a   NNE
30  70.2  88.6   4:30p  51.7   7:20a   0.0   5.2  0.00   2.7  14.0  12:00p   ENE
-------------------------------------------------------------------------------------
    71.4  96.3    24    46.4    16    32.9 224.2  1.68   5.8  46.0    29      SE

Max >=  90.0:  4
Max <=  32.0:  0
Min <=  32.0:  0
Min <=   0.0:  0
Max Rain: 0.66 ON 04/04/20
Days of Rain: 9 (>.01 in) 5 (>.1 in) 0 (>1 in)
Heat Base:  65.0  Cool Base:  65.0  Method: (High + Low) / 2