NOAA-Style Climate Reports

Select a Year or Month report
2022: Jan Feb Mar Apr May Jun Jul Aug Sep Oct Nov Dec
2021: Jan Feb Mar Apr May Jun Jul Aug Sep Oct Nov Dec
2020: Jan Feb Mar Apr May Jun Jul Aug Sep Oct Nov Dec
2019: Jan Feb Mar Apr May Jun Jul Aug Sep Oct Nov Dec
2018: Jan Feb Mar Apr May Jun Jul Aug Sep Oct Nov Dec
2017: Jan Feb Mar Apr May Jun Jul Aug Sep Oct Nov Dec

Report for 2020 June
                   MONTHLY CLIMATOLOGICAL SUMMARY for JUN. 2020

NAME: Skinner1   CITY: Schroeder   STATE: TX 
ELEV:   158 ft  LAT:  28° 50' 40" N  LONG:  97° 01' 32" W

                   TEMPERATURE (°F), RAIN  (in), WIND SPEED (mph)

                                      HEAT  COOL        AVG
    MEAN                              DEG   DEG         WIND                 DOM
DAY TEMP  HIGH   TIME   LOW    TIME   DAYS  DAYS  RAIN  SPEED HIGH   TIME    DIR
------------------------------------------------------------------------------------
 1  75.2  79.3   6:00p  71.0   4:30a   0.0  10.2  0.24   2.3  11.0   3:00p    NE
 2  79.5  88.3   2:00p  70.7   2:30a   0.0  14.5  0.00   4.3  19.0   1:50p    SE
 3  80.8  90.2   1:40p  71.4   5:50a   0.0  15.8  1.36   2.9  24.0   3:40p    SE
 4  81.1  90.6   3:40p  71.6   6:10a   0.0  16.1  0.00   2.7  17.0   4:00p    SE
 5  81.7  91.4   5:00p  71.9   6:10a   0.0  16.7  0.00   2.4  16.0   6:20p    SE
 6  82.9  95.1   6:20p  70.8   7:00a   0.0  17.9  0.00   1.9  14.0   3:50p    NE
 7  84.4  94.3   5:20p  74.6   7:00a   0.0  19.4  0.00   2.4  13.0   4:20p    NE
 8  85.6  95.4   4:10p  75.7   6:50a   0.0  20.6  0.00   4.0  18.0   6:50p   SSE
 9  85.3  94.1   4:10p  76.4   6:30a   0.0  20.3  0.00   4.5  17.0   2:40p   SSE
10  81.2  92.9   5:20p  69.5  12:00m   0.0  16.2  0.00   5.3  22.0  10:50a    NE
11  77.4  94.0   4:10p  60.8   7:00a   0.0  12.4  0.00   2.9  18.0  11:40a   ENE
12  76.4  90.8   5:10p  61.9   6:40a   0.0  11.4  0.00   3.2  23.0   3:00p    NE
13  76.9  91.6   4:30p  62.2   6:10a   0.0  11.9  0.00   3.9  25.0   1:20p   ENE
14  77.2  91.3   4:30p  63.1   5:50a   0.0  12.2  0.00   3.5  21.0   6:50p   ESE
15  79.3  88.0   1:40p  70.6   6:00a   0.0  14.3  0.43   2.5  26.0   5:20p    SE
16  81.9  91.5   2:40p  72.4   5:20a   0.0  16.9  0.01   4.7  21.0   7:10p    SE
17  80.3  91.1   2:50p  69.5   4:20a   0.0  15.3  0.00   4.9  20.0   3:20p    SE
18  79.9  88.7   3:50p  71.1   6:00a   0.0  14.9  0.03   5.5  24.0   6:30p    SE
19  82.3  90.0   1:00p  74.7   6:30a   0.0  17.3  0.27   5.8  29.0   5:40p    SE
20  83.7  92.6   2:30p  74.8   6:40a   0.0  18.7  0.07   4.8  23.0   5:00p    SE
21  83.2  91.3   1:20p  75.1   5:50a   0.0  18.2  0.00   5.8  26.0   5:00p   SSE
22  83.2  89.4   3:10p  76.9   6:30a   0.0  18.2  0.00   6.7  30.0   5:10p   SSE
23  83.6  90.2   2:20p  76.9   3:20a   0.0  18.6  0.00   4.4  25.0  11:30a   SSE
24  82.5  90.5   6:00p  74.5   7:00a   0.0  17.5  0.20   2.6  17.0   5:10a   WNW
25  82.8  91.5   2:30p  74.2   6:00a   0.0  17.8  0.03   3.8  26.0   3:20p    SE
26  77.5  81.2   2:10p  73.8   3:50p   0.0  12.5  0.64   2.0  29.0   6:30a    SE
27  82.9  89.0   2:50p  76.9  12:10a   0.0  17.9  0.00   7.0  22.0   4:10p    SE
28  83.9  88.1   2:40p  79.7   6:30a   0.0  18.9  0.00   8.3  28.0   3:50p   SSE
29  85.2  90.0   1:40p  80.3   6:30a   0.0  20.2  0.00   9.3  30.0   3:50p   SSE
30  85.1  90.6   2:30p  79.5   6:30a   0.0  20.1  0.00   7.7  27.0  11:40a   SSE
-------------------------------------------------------------------------------------
    81.4  95.4     8    60.8    11     0.0 492.8  3.28   4.4  30.0    22      SE

Max >=  90.0: 22
Max <=  32.0:  0
Min <=  32.0:  0
Min <=   0.0:  0
Max Rain: 1.36 ON 06/03/20
Days of Rain: 9 (>.01 in) 6 (>.1 in) 1 (>1 in)
Heat Base:  65.0  Cool Base:  65.0  Method: (High + Low) / 2