NOAA-Style Climate Reports

Select a Year or Month report
2022: Jan Feb Mar Apr May Jun Jul Aug Sep Oct Nov Dec
2021: Jan Feb Mar Apr May Jun Jul Aug Sep Oct Nov Dec
2020: Jan Feb Mar Apr May Jun Jul Aug Sep Oct Nov Dec
2019: Jan Feb Mar Apr May Jun Jul Aug Sep Oct Nov Dec
2018: Jan Feb Mar Apr May Jun Jul Aug Sep Oct Nov Dec
2017: Jan Feb Mar Apr May Jun Jul Aug Sep Oct Nov Dec

Report for 2020 August
                   MONTHLY CLIMATOLOGICAL SUMMARY for AUG. 2020

NAME: Skinner1   CITY: Schroeder   STATE: TX 
ELEV:   158 ft  LAT:  28° 50' 40" N  LONG:  97° 01' 32" W

                   TEMPERATURE (°F), RAIN  (in), WIND SPEED (mph)

                                      HEAT  COOL        AVG
    MEAN                              DEG   DEG         WIND                 DOM
DAY TEMP  HIGH   TIME   LOW    TIME   DAYS  DAYS  RAIN  SPEED HIGH   TIME    DIR
------------------------------------------------------------------------------------
 1  83.1  91.5   2:00p  74.7  12:00m   0.0  18.1  0.00   2.5  19.0   2:50p    SE
 2  84.4  96.4   4:40p  72.3   6:50a   0.0  19.4  0.63   1.7  24.0   8:10p    SE
 3  83.3  95.0   4:50p  71.5   7:10a   0.0  18.3  0.01   1.9  12.0   6:30p    SE
 4  84.7  94.0   4:00p  75.4   2:30a   0.0  19.7  0.00   2.4  15.0   3:30p    SE
 5  83.4  93.8   3:40p  72.9   7:20a   0.0  18.4  0.00   3.4  18.0   3:10p   SSE
 6  83.9  93.4   2:30p  74.3   6:30a   0.0  18.9  0.00   4.2  20.0   4:00p    SE
 7  83.1  93.3   3:10p  72.9   7:00a   0.0  18.1  0.00   4.5  23.0   3:20p    SE
 8  83.9  94.0   4:00p  73.9   5:40a   0.0  18.9  0.03   4.0  21.0   5:30p    SE
 9  85.7  94.7   3:30p  76.7   6:50a   0.0  20.7  0.00   5.1  26.0   4:50p   SSE
10  86.4  95.3   3:40p  77.4   7:00a   0.0  21.4  0.00   5.9  22.0   2:10p    SE
11  86.4  96.6   3:20p  76.2   7:20a   0.0  21.4  0.00   5.1  24.0   5:10p   SSE
12  86.6  97.6   3:40p  75.5   7:00a   0.0  21.6  0.00   4.5  20.0   4:40p   SSE
13  87.3  98.1   4:20p  76.5   7:00a   0.0  22.3  0.00   4.3  20.0   5:30p   SSE
14  87.0  98.9   4:10p  75.1   7:10a   0.0  22.0  0.00   4.6  21.0   6:50p   SSE
15  87.9  99.7   4:40p  76.2   5:50a   0.0  22.9  0.00   4.8  19.0   6:40p   SSE
16  86.7 100.3   3:10p  73.1   7:40a   0.0  21.7  0.00   3.3  19.0   7:00p    SE
17  86.4  96.9   3:30p  75.8   4:40a   0.0  21.4  0.00   3.2  18.0   5:10p   ESE
18  87.1 100.1   3:00p  74.1  10:50p   0.0  22.1  0.01   3.2  24.0   8:00p    NE
19  86.3 101.1   4:50p  71.4   7:40a   0.0  21.3  0.00   2.6  18.0   4:50p    NE
20  86.6 100.7   3:40p  72.4   7:10a   0.0  21.6  0.00   3.0  21.0   6:20p    SE
21  86.5  96.8   2:50p  76.2   7:10a   0.0  21.5  0.10   4.8  33.0   3:10p    SE
22  77.2  84.7   4:40p  69.7  11:50a   0.0  12.2  0.30   2.5  33.0  10:10a    SE
23  82.6  95.0   3:20p  70.1   6:40a   0.0  17.6  0.00   3.1  19.0   5:30p   ESE
24  82.5  92.6   4:30p  72.4   3:50a   0.0  17.5  0.07   3.4  18.0  12:20p   ESE
25  85.8  98.8   5:00p  72.7   7:30a   0.0  20.8  0.00   2.7  17.0  12:50p    SE
26  85.2  93.3   4:30p  77.0  10:10a   0.0  20.2  0.47   3.5  16.0   4:30p   NNE
27  86.1  97.6   4:10p  74.7   7:40a   0.0  21.1  0.00   3.3  21.0   4:50p    SE
28  88.7  97.5   2:30p  79.9   7:20a   0.0  23.7  0.00   6.5  24.0   4:50p   SSE
29  87.4  97.8   2:40p  77.0   7:40a   0.0  22.4  0.00   4.7  23.0   6:10p    SE
30  86.1  96.4   3:00p  75.7   7:50a   0.0  21.1  0.00   5.0  23.0   5:10p    SE
31  87.7  96.2   3:10p  79.2   5:20a   0.0  22.7  0.00   8.1  29.0   1:40p   SSE
-------------------------------------------------------------------------------------
    85.3 101.1    19    69.7    22     0.0 630.5  1.62   3.9  33.0    21      SE

Max >=  90.0: 30
Max <=  32.0:  0
Min <=  32.0:  0
Min <=   0.0:  0
Max Rain: 0.63 ON 08/02/20
Days of Rain: 6 (>.01 in) 3 (>.1 in) 0 (>1 in)
Heat Base:  65.0  Cool Base:  65.0  Method: (High + Low) / 2