NOAA-Style Climate Reports

Select a Year or Month report
2022: Jan Feb Mar Apr May Jun Jul Aug Sep Oct Nov Dec
2021: Jan Feb Mar Apr May Jun Jul Aug Sep Oct Nov Dec
2020: Jan Feb Mar Apr May Jun Jul Aug Sep Oct Nov Dec
2019: Jan Feb Mar Apr May Jun Jul Aug Sep Oct Nov Dec
2018: Jan Feb Mar Apr May Jun Jul Aug Sep Oct Nov Dec
2017: Jan Feb Mar Apr May Jun Jul Aug Sep Oct Nov Dec

Report for 2020 September
                   MONTHLY CLIMATOLOGICAL SUMMARY for SEP. 2020

NAME: Skinner1   CITY: Schroeder   STATE: TX 
ELEV:   158 ft  LAT:  28° 50' 40" N  LONG:  97° 01' 32" W

                   TEMPERATURE (°F), RAIN  (in), WIND SPEED (mph)

                                      HEAT  COOL        AVG
    MEAN                              DEG   DEG         WIND                 DOM
DAY TEMP  HIGH   TIME   LOW    TIME   DAYS  DAYS  RAIN  SPEED HIGH   TIME    DIR
------------------------------------------------------------------------------------
 1  88.7  96.1   2:40p  81.3   7:00a   0.0  23.7  0.00   8.6  28.0  10:10a   SSE
 2  88.9  96.4   1:40p  81.4   7:30a   0.0  23.9  0.00   7.5  22.0   5:20p   SSE
 3  85.3  93.4   4:20p  77.2  12:00m   0.0  20.3  0.00   4.2  20.0   5:20p    SE
 4  84.4  95.4   1:10p  73.4   4:40a   0.0  19.4  0.01   3.6  23.0   1:40p   ENE
 5  84.4  94.0   1:50p  74.8   7:20a   0.0  19.4  0.13   4.1  27.0   7:40p    NE
 6  83.6  94.7   2:50p  72.6   7:10a   0.0  18.6  0.00   2.4  20.0   7:10p    NE
 7  83.4  93.1   2:10p  73.7   5:10a   0.0  18.4  0.00   3.3  18.0   3:00p    SE
 8  82.8  89.2  10:50a  76.3   7:50a   0.0  17.8  0.05   4.3  27.0  11:30a   ESE
 9  82.4  88.9  12:30p  75.8   7:30a   0.0  17.4  0.35   2.4  19.0  10:30a   ESE
10  70.1  78.2  12:10a  61.9   7:40a   0.0   5.1  0.00   6.7  20.0   7:10a     N
11  76.6  87.6   4:50p  65.6   2:10a   0.0  11.6  0.00   5.7  21.0   1:40p     N
12  82.0  93.0   4:40p  71.0   7:30a   0.0  17.0  0.00   3.2  16.0   3:40p     N
13  83.8  95.1   4:50p  72.5   7:40a   0.0  18.8  0.00   4.9  28.0   6:40p   NNE
14  82.9  91.2   2:30p  74.6   5:30a   0.0  17.9  0.00   5.0  22.0   1:40p     N
15  83.6  92.0   4:30p  75.1   7:30a   0.0  18.6  0.00   4.0  18.0   5:00p     N
16  82.6  90.2   1:10p  75.0   6:40a   0.0  17.6  0.10   2.5  20.0   3:30p     N
17  81.9  91.1   2:10p  72.8   4:10p   0.0  16.9  0.23   4.3  26.0   3:10p     N
18  81.8  91.4   3:10p  72.2   7:30a   0.0  16.8  0.00   5.8  24.0   3:50p     N
19  78.7  88.3   4:40p  69.0   7:20a   0.0  13.7  0.00   6.8  24.0  12:40p   NNE
20  75.8  88.1   3:10p  63.5   7:50a   0.0  10.8  0.12   7.6  26.0   4:50p     N
21  70.7  71.8   3:50p  69.5   8:00a   0.0   5.7  0.26   9.4  25.0  11:20p     N
22  72.8  75.1   3:40p  70.6  12:20a   0.0   7.8  0.16  11.9  33.0   5:10a   NNW
23  74.7  78.4   2:00p  71.0   4:30a   0.0   9.7  0.00   5.5  18.0   8:50a   NNW
24  72.4  80.1   4:10p  64.8  12:00m   0.0   7.4  0.00   2.4  15.0   4:10p   NNW
25  73.5  88.3   4:50p  58.7   6:30a   0.0   8.5  0.01   1.7  14.0   7:50p   ESE
26  77.6  89.7   3:30p  65.4   6:40a   0.0  12.6  0.01   4.3  21.0  11:40a    SE
27  82.8  92.4   2:50p  73.2   7:30a   0.0  17.8  0.00   5.9  23.0   3:30p   SSE
28  74.1  80.4   4:00p  67.7   8:50a   0.0   9.1  0.00   8.3  31.0   8:50a     N
29  67.3  81.6   4:20p  53.1   7:50a   0.0   2.3  0.00   3.7  21.0  12:10p   NNW
30  67.3  87.3   3:20p  47.3   7:50a   0.0   2.3  0.00   2.4  17.0   1:30p    SE
-------------------------------------------------------------------------------------
    79.2  96.4     2    47.3    30     0.0 426.8  1.43   5.1  33.0    22       N

Max >=  90.0: 15
Max <=  32.0:  0
Min <=  32.0:  0
Min <=   0.0:  0
Max Rain: 0.35 ON 09/09/20
Days of Rain: 8 (>.01 in) 6 (>.1 in) 0 (>1 in)
Heat Base:  65.0  Cool Base:  65.0  Method: (High + Low) / 2