NOAA-Style Climate Reports

Select a Year or Month report
2022: Jan Feb Mar Apr May Jun Jul Aug Sep Oct Nov Dec
2021: Jan Feb Mar Apr May Jun Jul Aug Sep Oct Nov Dec
2020: Jan Feb Mar Apr May Jun Jul Aug Sep Oct Nov Dec
2019: Jan Feb Mar Apr May Jun Jul Aug Sep Oct Nov Dec
2018: Jan Feb Mar Apr May Jun Jul Aug Sep Oct Nov Dec
2017: Jan Feb Mar Apr May Jun Jul Aug Sep Oct Nov Dec

Report for 2020 November
                   MONTHLY CLIMATOLOGICAL SUMMARY for NOV. 2020

NAME: Skinner1   CITY: Schroeder   STATE: TX 
ELEV:   158 ft  LAT:  28° 50' 40" N  LONG:  97° 01' 32" W

                   TEMPERATURE (°F), RAIN  (in), WIND SPEED (mph)

                                      HEAT  COOL        AVG
    MEAN                              DEG   DEG         WIND                 DOM
DAY TEMP  HIGH   TIME   LOW    TIME   DAYS  DAYS  RAIN  SPEED HIGH   TIME    DIR
------------------------------------------------------------------------------------
 1  64.6  81.4   3:00p  47.8   5:40a   0.4   0.0  0.01   3.3  20.0   2:10p    NE
 2  60.7  77.0   3:00p  44.4   7:10a   4.3   0.0  0.00   3.1  17.0   9:20a   NNE
 3  58.7  80.1   2:20p  37.3   7:10a   6.3   0.0  0.00   2.2  16.0   4:30p    SE
 4  63.0  81.6   2:30p  44.5   6:30a   2.0   0.0  0.00   3.3  20.0  10:50a    SE
 5  67.7  84.6   3:30p  50.7   6:40a   0.0   2.7  0.01   2.3  20.0   4:50p    SE
 6  70.8  82.1   2:50p  59.5   1:10a   0.0   5.8  0.02   2.4  16.0   4:10p   ESE
 7  68.3  83.2   3:10p  53.5   6:30a   0.0   3.3  0.00   2.9  14.0   3:20p    SE
 8  75.3  85.0   3:40p  65.6  12:50a   0.0  10.3  0.02   3.9  21.0   3:00p    SE
 9  75.8  86.4   2:10p  65.1  12:00m   0.0  10.8  0.00   4.8  19.0   1:30p    SE
10  75.6  87.1   2:10p  64.2  11:40p   0.0  10.6  0.01   2.2  20.0   5:30p     N
11  72.6  87.3   3:40p  57.8   6:50a   0.0   7.6  0.00   2.2  12.0   1:30p    SE
12  75.6  85.6   2:00p  65.6   1:20a   0.0  10.6  0.01   2.9  16.0  11:00a    SE
13  74.6  80.9   2:00p  68.2   5:50a   0.0   9.6  0.01   3.2  12.0   2:40p    SE
14  80.5  87.8   2:30p  73.2  12:10a   0.0  15.5  0.00   7.2  29.0  11:40a   SSE
15  66.1  77.4   3:00p  54.8  12:00m   0.0   1.1  0.03   6.7  29.0   9:40a   NNE
16  60.7  77.6   2:40p  43.8   7:00a   4.3   0.0  0.00   2.4  15.0  10:00a   ENE
17  59.1  77.2   3:20p  41.0   5:30a   5.9   0.0  0.00   3.0  17.0  10:50a   ENE
18  61.7  81.1   2:40p  42.3   4:30a   3.3   0.0  0.00   3.7  20.0   1:00p    SE
19  66.5  81.1   2:20p  51.9   3:10a   0.0   1.5  0.00   3.2  21.0   2:00p    SE
20  71.2  84.3   2:20p  58.1   7:00a   0.0   6.2  0.01   3.6  20.0   3:50p    SE
21  71.8  81.6   2:00p  61.9   3:50a   0.0   6.8  0.02   3.4  19.0   2:50p   ESE
22  74.9  82.7   2:40p  67.1   7:50a   0.0   9.9  0.00   2.6  13.0   2:10p    SE
23  67.0  77.4   2:50p  56.6   5:40a   0.0   2.0  0.00   6.2  19.0   2:50p   NNE
24  73.8  83.4   2:20p  64.2   2:50a   0.0   8.8  0.01   7.1  34.0   1:40p   SSE
25  65.4  75.9   3:30p  54.9  12:00m   0.0   0.4  0.01   4.4  24.0  12:40a    NE
26  68.3  84.7   3:00p  51.8   1:10a   0.0   3.3  0.00   3.6  19.0   5:20p    SE
27  74.6  85.9   2:00p  63.3  12:00m   0.0   9.6  0.73   4.7  19.0  10:40a   SSE
28  60.8  66.2  11:20a  55.3  12:00m   4.3   0.0  1.06   5.4  18.0   1:20p   NNE
29  55.5  63.4   2:30p  47.5  12:00m   9.5   0.0  0.00   8.0  22.0   1:40p   NNW
30  44.8  56.5   2:50p  33.0  11:10p  20.3   0.0  0.00   6.3  25.0   8:20a     N
-------------------------------------------------------------------------------------
    67.5  87.8    14    33.0    30    60.5 136.2  1.96   4.0  34.0    24      SE

Max >=  90.0:  0
Max <=  32.0:  0
Min <=  32.0:  0
Min <=   0.0:  0
Max Rain: 1.06 ON 11/28/20
Days of Rain: 6 (>.01 in) 2 (>.1 in) 1 (>1 in)
Heat Base:  65.0  Cool Base:  65.0  Method: (High + Low) / 2