NOAA-Style Climate Reports

Select a Year or Month report
2022: Jan Feb Mar Apr May Jun Jul Aug Sep Oct Nov Dec
2021: Jan Feb Mar Apr May Jun Jul Aug Sep Oct Nov Dec
2020: Jan Feb Mar Apr May Jun Jul Aug Sep Oct Nov Dec
2019: Jan Feb Mar Apr May Jun Jul Aug Sep Oct Nov Dec
2018: Jan Feb Mar Apr May Jun Jul Aug Sep Oct Nov Dec
2017: Jan Feb Mar Apr May Jun Jul Aug Sep Oct Nov Dec

Report for 2021 March
                   MONTHLY CLIMATOLOGICAL SUMMARY for MAR. 2021

NAME: Skinner1   CITY: Schroeder   STATE: TX 
ELEV:   158 ft  LAT:  28° 50' 40" N  LONG:  97° 01' 32" W

                   TEMPERATURE (°F), RAIN  (in), WIND SPEED (mph)

                                      HEAT  COOL        AVG
    MEAN                              DEG   DEG         WIND                 DOM
DAY TEMP  HIGH   TIME   LOW    TIME   DAYS  DAYS  RAIN  SPEED HIGH   TIME    DIR
------------------------------------------------------------------------------------
 1  60.5  71.3  12:10a  49.6   9:00a   4.5   0.0  0.16  10.4  29.0   7:00p     N
 2  55.4  65.7   4:10p  45.2  11:40p   9.6   0.0  0.00   7.1  22.0   4:30a     N
 3  53.6  69.7   2:50p  37.6   6:30a  11.4   0.0  0.00   3.2  18.0   6:20p    SE
 4  57.8  73.9   2:50p  41.6   6:10a   7.3   0.0  0.00   4.4  20.0   2:30p    SE
 5  69.0  82.0   4:30p  56.0  12:10a   0.0   4.0  0.00   5.1  28.0   9:50p   NNW
 6  58.4  68.7   3:30p  48.1  12:00m   6.6   0.0  0.00   6.7  23.0   7:00a    NE
 7  56.2  71.0   4:20p  41.3   6:00a   8.8   0.0  0.00   4.3  18.0   9:30a   ESE
 8  58.9  70.3  12:50p  47.5   6:20a   6.1   0.0  0.00   4.6  19.0   1:30p    SE
 9  65.0  78.1   2:00p  51.9  12:50a   0.0   0.0  0.01   7.8  29.0  12:10p    SE
10  69.4  79.4   2:50p  59.4   2:30a   0.0   4.4  0.00  11.1  34.0   1:10p   SSE
11  73.9  78.5   1:40p  69.3   6:50a   0.0   8.9  0.00  11.0  29.0   2:00a   SSE
12  75.8  82.0   3:40p  69.5  12:00m   0.0  10.8  0.00  10.1  29.0   1:00p    SE
13  74.8  80.3   1:40p  69.2   3:50a   0.0   9.8  0.02  11.7  32.0  11:00p    SE
14  62.5  71.9   4:50a  53.0  12:00m   2.5   0.0  0.11   6.2  31.0   1:20a   SSE
15  64.4  78.5   2:40p  50.3   2:50a   0.6   0.0  0.02   3.0  18.0   5:10p   SSE
16  72.2  77.8   4:20p  66.5   7:40a   0.0   7.2  0.00   5.2  20.0   4:20p    SE
17  74.1  84.6   4:30p  63.6  12:00m   0.0   9.1  0.02  10.4  31.0   3:30p    NW
18  62.0  74.7   5:40p  49.3   7:30a   3.0   0.0  0.00  10.1  29.0   2:20a   NNW
19  56.1  69.2   5:30p  43.0   6:20a   8.9   0.0  0.00   5.0  20.0   4:20p   NNE
20  55.5  70.3   4:40p  40.7   8:10a   9.5   0.0  0.00   4.3  18.0   8:40p   ENE
21  58.5  74.1   3:30p  42.9   8:10a   6.5   0.0  0.00   5.1  22.0   7:00p    SE
22  65.1  75.5   3:00p  54.7   5:00a   0.0   0.1  0.00   8.2  29.0   2:50p    SE
23  71.3  84.5   4:40p  58.1   8:10a   0.0   6.3  0.08   3.6  20.0  12:50a    NE
24  70.0  79.4   5:30p  60.6   2:10a   0.0   5.0  0.00   6.4  18.0   3:30a    SE
25  71.2  80.6   5:30p  61.8  11:50p   0.0   6.2  0.00   8.8  31.0   8:10a   NNW
26  65.2  84.5   4:30p  45.8   6:50a   0.0   0.2  0.00   5.8  21.0   6:30p    SE
27  76.3  83.2   3:10p  69.5   2:00a   0.0  11.3  0.00   8.1  30.0   1:20p    SE
28  63.8  74.7  12:10a  52.9  12:00m   1.2   0.0  0.19   6.6  33.0   5:10a   NNE
29  57.6  70.8   2:30p  44.3   6:30a   7.4   0.0  0.00   4.9  19.0   5:50p    SE
30  72.0  81.0   4:10p  63.0   3:40a   0.0   7.0  0.00   7.8  30.0   2:40p   SSE
31  66.9  75.0  11:30a  58.9  12:40p   0.0   1.9  0.01   7.7  27.0  10:10p   NNE
-------------------------------------------------------------------------------------
    64.9  84.6    17    37.6     3    93.9  92.1  0.62   6.9  34.0    10      SE

Max >=  90.0:  0
Max <=  32.0:  0
Min <=  32.0:  0
Min <=   0.0:  0
Max Rain: 0.19 ON 03/28/21
Days of Rain: 7 (>.01 in) 3 (>.1 in) 0 (>1 in)
Heat Base:  65.0  Cool Base:  65.0  Method: (High + Low) / 2