NOAA-Style Climate Reports

Select a Year or Month report
2022: Jan Feb Mar Apr May Jun Jul Aug Sep Oct Nov Dec
2021: Jan Feb Mar Apr May Jun Jul Aug Sep Oct Nov Dec
2020: Jan Feb Mar Apr May Jun Jul Aug Sep Oct Nov Dec
2019: Jan Feb Mar Apr May Jun Jul Aug Sep Oct Nov Dec
2018: Jan Feb Mar Apr May Jun Jul Aug Sep Oct Nov Dec
2017: Jan Feb Mar Apr May Jun Jul Aug Sep Oct Nov Dec

Report for 2021 May
                   MONTHLY CLIMATOLOGICAL SUMMARY for MAY. 2021

NAME: Skinner1   CITY: Schroeder   STATE: TX 
ELEV:   158 ft  LAT:  28° 50' 40" N  LONG:  97° 01' 32" W

                   TEMPERATURE (°F), RAIN  (in), WIND SPEED (mph)

                                      HEAT  COOL        AVG
    MEAN                              DEG   DEG         WIND                 DOM
DAY TEMP  HIGH   TIME   LOW    TIME   DAYS  DAYS  RAIN  SPEED HIGH   TIME    DIR
------------------------------------------------------------------------------------
 1  70.1  73.0  12:10a  67.2   3:00a   0.0   5.1  2.65   8.3  32.0   2:50p    SE
 2  77.2  87.0   3:40p  67.3   6:20a   0.0  12.2  0.00   6.8  23.0   3:50p   SSE
 3  80.4  86.5   1:00p  74.3  12:40a   0.0  15.4  0.00   9.6  25.0   2:40a    SE
 4  77.8  84.3   2:40p  71.2  12:00m   0.0  12.8  0.00   6.6  24.0  12:10a   NNE
 5  73.3  84.0   5:00p  62.7   7:10a   0.0   8.3  0.00   5.5  17.0   8:20a   NNE
 6  73.3  86.6   4:20p  60.0   6:30a   0.0   8.3  0.00   3.5  23.0  12:10p    NE
 7  72.1  83.7   3:30p  60.5   7:20a   0.0   7.1  0.01   5.3  22.0   7:10p    SE
 8  77.2  85.1   2:00p  69.3   1:40a   0.0  12.2  0.00   9.6  32.0   3:10p   SSE
 9  81.1  85.6   2:10p  76.7  12:20a   0.0  16.1  0.00   9.8  30.0   9:50a   SSE
10  81.4  86.9   1:50p  75.9   7:00a   0.0  16.4  0.00   7.1  22.0   2:30p    SE
11  77.4  88.0   4:00p  66.9  12:00m   0.0  12.4  0.22   6.1  26.0   3:10p    SE
12  71.5  79.0   5:30p  64.0   8:30a   0.0   6.5  0.01   9.1  23.0   8:00a   NNE
13  69.6  76.5   4:30p  62.6   7:00a   0.0   4.6  0.00   5.2  16.0   2:00a    NE
14  73.0  82.6   3:50p  63.4   5:20a   0.0   8.0  0.00   4.9  21.0   7:10p    SE
15  72.4  80.3   1:20p  64.6   7:00a   0.0   7.4  0.03   6.1  32.0   7:50p    SE
16  73.1  77.7   6:20p  68.6   1:30p   0.0   8.1  0.45   5.6  21.0  11:00a    SE
17  78.2  84.7  12:50p  71.7  12:50a   0.0  13.2  0.00   8.3  28.0   7:10p    SE
18  77.2  87.4   2:00p  66.9  10:30p   0.0  12.2  1.27   8.1  40.0   7:00a    SE
19  66.1  69.0   5:50p  63.2   3:00a   0.0   1.1  1.34   5.5  38.0   2:40a   SSW
20  73.6  84.8   3:30p  62.4   6:50a   0.0   8.6  0.00   1.9  13.0   4:10p    NE
21  77.2  87.0   5:10p  67.4   5:30a   0.0  12.2  0.13   3.0  28.0   6:00p   ENE
22  77.8  82.7   3:40p  73.0   7:00a   0.0  12.8  0.12   7.6  23.0   3:50a    SE
23  74.4  77.1   6:10p  71.7  10:30a   0.0   9.4  1.76   4.8  17.0  11:10a   ESE
24  78.6  83.9   1:20p  73.3   2:50a   0.0  13.6  0.13   7.3  24.0   4:10p    SE
25  79.4  84.5   3:30p  74.4   5:50a   0.0  14.4  0.17   7.6  24.0   6:10p    SE
26  80.1  86.7   1:50p  73.6   6:50a   0.0  15.1  0.00   6.9  21.0   5:40p    SE
27  81.3  88.3   3:20p  74.2   6:50a   0.0  16.3  0.00   6.9  24.0   7:20p   SSE
28  77.2  86.7   2:20p  67.7  12:00m   0.0  12.2  0.98   6.8  31.0  10:20p    SE
29  75.8  85.2   5:00p  66.5   5:00a   0.0  10.8  0.02   4.8  27.0  12:50a    SE
30  78.1  85.0   1:10p  71.1   6:20a   0.0  13.1  0.11   4.5  21.0   4:30p    SE
31  79.6  86.6   4:10p  72.5   6:40a   0.0  14.6  0.00   5.2  22.0   5:00p   SSE
-------------------------------------------------------------------------------------
    76.0  88.3    27    60.0     6     0.0 340.6  9.40   6.4  40.0    18      SE

Max >=  90.0:  0
Max <=  32.0:  0
Min <=  32.0:  0
Min <=   0.0:  0
Max Rain: 2.65 ON 05/01/21
Days of Rain: 14 (>.01 in) 12 (>.1 in) 4 (>1 in)
Heat Base:  65.0  Cool Base:  65.0  Method: (High + Low) / 2