NOAA-Style Climate Reports

Select a Year or Month report
2022: Jan Feb Mar Apr May Jun Jul Aug Sep Oct Nov Dec
2021: Jan Feb Mar Apr May Jun Jul Aug Sep Oct Nov Dec
2020: Jan Feb Mar Apr May Jun Jul Aug Sep Oct Nov Dec
2019: Jan Feb Mar Apr May Jun Jul Aug Sep Oct Nov Dec
2018: Jan Feb Mar Apr May Jun Jul Aug Sep Oct Nov Dec
2017: Jan Feb Mar Apr May Jun Jul Aug Sep Oct Nov Dec

Report for 2021 July
                   MONTHLY CLIMATOLOGICAL SUMMARY for JUL. 2021

NAME: Skinner1   CITY: Schroeder   STATE: TX 
ELEV:   158 ft  LAT:  28° 50' 40" N  LONG:  97° 01' 32" W

                   TEMPERATURE (°F), RAIN  (in), WIND SPEED (mph)

                                      HEAT  COOL        AVG
    MEAN                              DEG   DEG         WIND                 DOM
DAY TEMP  HIGH   TIME   LOW    TIME   DAYS  DAYS  RAIN  SPEED HIGH   TIME    DIR
------------------------------------------------------------------------------------
 1  82.8  92.0   4:50p  73.7   7:00a   0.0  17.8  0.01   1.3  13.0   2:10p   SSE
 2  83.8  94.2   5:20p  73.3   6:50a   0.0  18.8  0.00   1.1  10.0   6:10p   SSE
 3  84.2  93.5   4:10p  74.8   7:10a   0.0  19.2  0.00   1.1  12.0   4:50p     E
 4  83.3  91.2   1:00p  75.4   3:10a   0.0  18.3  0.92   0.9  18.0   2:10p    SE
 5  81.7  87.3  12:50p  76.0   6:00a   0.0  16.7  0.27   1.3  16.0   3:20p    SE
 6  77.4  80.9   5:50p  73.9  10:40a   0.0  12.4  0.28   3.3  19.0  12:10p    SE
 7  74.9  76.9   5:30p  72.8   4:40a   0.0   9.9  2.62   3.1  19.0  10:40a     E
 8  76.1  78.7   4:50p  73.6   4:00a   0.0  11.1  2.53   3.9  23.0  12:00m     E
 9  78.9  82.9   4:10p  74.8  12:30a   0.0  13.9  2.28   4.8  21.0  12:10a    SE
10  82.6  88.8   5:00p  76.4  12:00m   0.0  17.6  0.02   4.4  19.0   3:30p   SSE
11  82.6  89.6   3:30p  75.5   3:40a   0.0  17.6  0.00   3.3  17.0   2:50p   SSE
12  82.9  91.4   4:00p  74.3  12:00m   0.0  17.9  0.00   2.5  16.0   7:10p   SSW
13  80.6  87.2  10:50a  73.9   5:20a   0.0  15.6  0.05   1.2  16.0  11:20a    SE
14  80.8  88.1   2:00p  73.5   4:30a   0.0  15.8  0.04   1.0  19.0   2:50p    SE
15  82.1  90.1   1:10p  74.2   5:20a   0.0  17.1  0.00   3.4  17.0   2:00p   SSE
16  83.6  90.7   2:50p  76.4   6:40a   0.0  18.6  0.00   4.9  20.0  11:20a   SSE
17  83.4  91.2   3:40p  75.6   7:10a   0.0  18.4  0.00   4.1  16.0   4:10p   SSE
18  83.8  92.5   4:10p  75.1   5:50a   0.0  18.8  0.00   2.1  14.0   9:50a   SSE
19  84.4  94.0   4:40p  74.8   6:50a   0.0  19.4  0.12   0.9  12.0   8:40p    SW
20  82.9  90.3   4:00p  75.6   7:00a   0.0  17.9  0.00   1.4  13.0   1:10p    NW
21  82.8  92.6   3:00p  73.0   7:00a   0.0  17.8  0.00   0.9  14.0   5:50p    SE
22  81.3  89.9   3:30p  72.7   5:40a   0.0  16.3  0.04   1.6  19.0   4:30p   SSE
23  84.1  91.5   3:10p  76.6  12:10a   0.0  19.1  0.00   4.3  19.0   1:20p   SSE
24  84.8  94.5   3:50p  75.0   7:00a   0.0  19.8  0.00   4.1  19.0   2:20p   SSE
25  83.5  94.1   4:30p  72.9   7:10a   0.0  18.5  0.01   2.2  14.0   5:40p   SSE
26  83.9  94.5   4:30p  73.3   2:20a   0.0  18.9  0.00   1.4  10.0  10:50a   SSW
27  82.6  93.2   6:20p  72.1   6:10a   0.0  17.6  0.00   1.3  12.0   6:50p   SSE
28  84.3  95.3   4:10p  73.2   6:50a   0.0  19.3  0.00   0.9  14.0   5:00p   ESE
29  84.8  94.6   3:50p  74.9   6:50a   0.0  19.8  0.00   1.7  16.0   5:40p   SSE
30  85.3  96.4   4:50p  74.1   4:50a   0.0  20.3  0.03   1.8  15.0   7:20p   SSE
31  85.7  95.4   4:00p  76.0   6:40a   0.0  20.7  0.00   2.6  18.0   6:40p    SW
-------------------------------------------------------------------------------------
    82.4  96.4    30    72.1    27     0.0 540.4  9.22   2.3  23.0     8     SSE

Max >=  90.0: 21
Max <=  32.0:  0
Min <=  32.0:  0
Min <=   0.0:  0
Max Rain: 2.62 ON 07/07/21
Days of Rain: 12 (>.01 in) 7 (>.1 in) 3 (>1 in)
Heat Base:  65.0  Cool Base:  65.0  Method: (High + Low) / 2