NOAA-Style Climate Reports

Select a Year or Month report
2022: Jan Feb Mar Apr May Jun Jul Aug Sep Oct Nov Dec
2021: Jan Feb Mar Apr May Jun Jul Aug Sep Oct Nov Dec
2020: Jan Feb Mar Apr May Jun Jul Aug Sep Oct Nov Dec
2019: Jan Feb Mar Apr May Jun Jul Aug Sep Oct Nov Dec
2018: Jan Feb Mar Apr May Jun Jul Aug Sep Oct Nov Dec
2017: Jan Feb Mar Apr May Jun Jul Aug Sep Oct Nov Dec

Report for 2021 August
                   MONTHLY CLIMATOLOGICAL SUMMARY for AUG. 2021

NAME: Skinner1   CITY: Schroeder   STATE: TX 
ELEV:   158 ft  LAT:  28° 50' 40" N  LONG:  97° 01' 32" W

                   TEMPERATURE (°F), RAIN  (in), WIND SPEED (mph)

                                      HEAT  COOL        AVG
    MEAN                              DEG   DEG         WIND                 DOM
DAY TEMP  HIGH   TIME   LOW    TIME   DAYS  DAYS  RAIN  SPEED HIGH   TIME    DIR
------------------------------------------------------------------------------------
 1  85.4  95.8   3:50p  75.1   7:20a   0.0  20.4  0.00   2.6  17.0   5:30p   SSE
 2  84.8  94.0   3:00p  75.7   6:10a   0.0  19.8  0.00   2.0  16.0   8:50p   WNW
 3  84.3  93.1   5:00p  75.5  10:40p   0.0  19.3  0.66   1.0  15.0  10:10p    NE
 4  83.3  90.7   6:00p  76.0   7:30a   0.0  18.3  0.01   1.4  13.0   5:50p   ESE
 5  81.5  87.9   1:50p  75.1   9:40a   0.0  16.5  0.01   1.2  12.0  12:00p    SE
 6  84.4  92.8   2:50p  75.9   3:30a   0.0  19.4  0.00   1.3  20.0   4:30p    SW
 7  84.3  92.9   3:10p  75.6   6:50a   0.0  19.3  0.00   3.8  19.0   1:50p   SSE
 8  84.1  92.8   2:40p  75.4   6:30a   0.0  19.1  0.00   5.0  22.0   6:30p   SSE
 9  85.9  93.1   3:50p  78.8   7:00a   0.0  20.9  0.00   5.4  24.0   1:50p   SSE
10  85.8  93.9   2:50p  77.7   2:00a   0.0  20.8  0.00   4.3  20.0   2:40p   SSE
11  85.5  94.7   3:00p  76.3   6:50a   0.0  20.5  0.00   4.2  20.0   6:00p   SSE
12  83.9  93.8   2:40p  73.9   7:20a   0.0  18.9  0.00   3.5  18.0   7:20p    SE
13  83.5  92.6   3:00p  74.4   6:20a   0.0  18.5  0.00   1.6  15.0   4:10p    SE
14  84.3  95.5   1:50p  73.1   6:40a   0.0  19.3  0.00   1.5  14.0   2:00p    SE
15  84.4  95.8   3:30p  73.1   6:00a   0.0  19.4  0.00   1.1  22.0   5:20p   ESE
16  82.8  93.4   1:40p  72.1   3:30a   0.0  17.8  0.01   1.6  15.0   5:00p   SSE
17  83.9  93.4   2:20p  74.5   4:20a   0.0  18.9  0.02   3.4  20.0   2:20p    SE
18  85.4  92.9   3:20p  77.9   7:10a   0.0  20.4  0.01   5.2  22.0   6:10p   SSE
19  86.4  95.7   2:40p  77.2   7:10a   0.0  21.4  0.00   5.3  20.0   3:50p   SSE
20  85.1  94.6   1:50p  75.7   7:10a   0.0  20.1  0.00   4.4  22.0   3:30p   SSE
21  84.7  94.9   3:00p  74.4   7:00a   0.0  19.7  0.00   4.3  23.0  12:40p   SSE
22  84.3  95.5   2:50p  73.1   7:10a   0.0  19.3  0.00   3.0  18.0   2:50p   SSE
23  83.2  96.0   3:00p  70.3   6:50a   0.0  18.2  0.00   2.9  18.0   4:10p   SSE
24  84.3  96.2   3:20p  72.5   7:20a   0.0  19.3  0.00   2.8  17.0   5:30p   SSE
25  84.6  96.9   2:50p  72.3   7:10a   0.0  19.6  0.07   2.1  15.0   1:50p   SSE
26  84.7  96.5   2:50p  72.8   6:00a   0.0  19.7  0.00   1.6  24.0   4:40p    SE
27  81.9  90.4  12:40p  73.5   5:40a   0.0  16.9  0.29   0.9  13.0   1:20p    NE
28  81.7  89.8   1:30p  73.6   7:10a   0.0  16.7  0.10   1.6  16.0   2:00p    SE
29  84.7  94.5   5:10p  74.8   7:10a   0.0  19.7  0.00   0.8  14.0   3:40p    NE
30  85.8  96.8   3:30p  74.8   7:20a   0.0  20.8  0.00   0.3  10.0   9:20p   SSW
31  85.8  96.4   3:20p  75.1   7:30a   0.0  20.8  0.00   2.7  20.0   3:00p   SSE
-------------------------------------------------------------------------------------
    84.3  96.9    25    70.3    23     0.0 599.8  1.18   2.7  24.0     9     SSE

Max >=  90.0: 29
Max <=  32.0:  0
Min <=  32.0:  0
Min <=   0.0:  0
Max Rain: 0.66 ON 08/03/21
Days of Rain: 5 (>.01 in) 2 (>.1 in) 0 (>1 in)
Heat Base:  65.0  Cool Base:  65.0  Method: (High + Low) / 2