NOAA-Style Climate Reports

Select a Year or Month report
2022: Jan Feb Mar Apr May Jun Jul Aug Sep Oct Nov Dec
2021: Jan Feb Mar Apr May Jun Jul Aug Sep Oct Nov Dec
2020: Jan Feb Mar Apr May Jun Jul Aug Sep Oct Nov Dec
2019: Jan Feb Mar Apr May Jun Jul Aug Sep Oct Nov Dec
2018: Jan Feb Mar Apr May Jun Jul Aug Sep Oct Nov Dec
2017: Jan Feb Mar Apr May Jun Jul Aug Sep Oct Nov Dec

Report for 2021 November
                   MONTHLY CLIMATOLOGICAL SUMMARY for NOV. 2021

NAME: Skinner1   CITY: Schroeder   STATE: TX 
ELEV:   158 ft  LAT:  28° 50' 40" N  LONG:  97° 01' 32" W

                   TEMPERATURE (°F), RAIN  (in), WIND SPEED (mph)

                                      HEAT  COOL        AVG
    MEAN                              DEG   DEG         WIND                 DOM
DAY TEMP  HIGH   TIME   LOW    TIME   DAYS  DAYS  RAIN  SPEED HIGH   TIME    DIR
------------------------------------------------------------------------------------
 1  67.6  82.3   3:00p  52.9   4:00a   0.0   2.6  0.00   2.3  16.0   5:10p    SE
 2  71.4  82.4   2:40p  60.5   7:40a   0.0   6.4  0.00   2.8  19.0   5:00p    SE
 3  66.8  79.7  12:20p  53.8  12:00m   0.0   1.8  1.04   3.0  21.0   1:50p   NNE
 4  53.5  58.2   4:00p  48.8  12:00m  11.5   0.0  0.49   4.4  18.0   3:10a   NNE
 5  55.4  66.6   4:40p  44.3   6:40a   9.6   0.0  0.00   1.0  15.0   1:40p   NNE
 6  56.9  71.6   3:50p  42.3   6:30a   8.1   0.0  0.01   0.6  11.0   1:40p   NNE
 7  59.0  75.6   3:00p  42.5   6:20a   6.0   0.0  0.00   1.7  11.0  12:20p    SE
 8  63.7  79.6   2:50p  47.7   6:20a   1.3   0.0  0.01   2.4  17.0   3:20p    SE
 9  66.8  78.9   2:00p  54.6   4:40a   0.0   1.8  0.00   1.7  15.0  11:50a    SE
10  71.4  82.7   1:10p  60.2   7:20a   0.0   6.4  0.00   3.4  20.0   1:10p   SSE
11  66.6  79.2   3:00p  54.1  12:00m   0.0   1.6  0.00   1.9  15.0  10:10a   NNE
12  63.5  79.6   3:40p  47.5   6:50a   1.5   0.0  0.00   1.6  11.0  12:10p   NNE
13  58.8  72.5   3:50p  45.0   7:20a   6.3   0.0  0.00   1.4  11.0   1:20a    NE
14  63.5  81.3   3:10p  45.6   7:00a   1.5   0.0  0.00   2.4  16.0  10:10a   SSW
15  67.4  82.3   2:20p  52.5   6:40a   0.0   2.4  0.00   3.0  18.0  11:20a   SSE
16  71.0  82.0   2:50p  60.0   7:00a   0.0   6.0  0.01   4.3  22.0   1:00p     S
17  70.7  83.8   2:40p  57.5   7:20a   0.0   5.7  0.00   3.7  24.0  10:40a     S
18  61.7  68.4   3:00p  55.0  12:00m   3.3   0.0  0.01   5.7  23.0   7:50a   NNE
19  58.3  68.7   3:20p  48.0   7:20a   6.7   0.0  0.00   1.5  10.0   8:30a    NE
20  63.3  78.8   2:40p  47.8   2:10a   1.7   0.0  0.00   2.3  14.0   2:40p   SSE
21  71.3  84.1   3:10p  58.4   6:30a   0.0   6.3  0.00   1.8  20.0  11:40p   NNE
22  58.8  71.4   3:00p  46.2  12:00m   6.2   0.0  0.00   4.7  19.0  12:30a   NNE
23  54.8  73.5   2:50p  36.2   7:00a  10.2   0.0  0.00   2.2  15.0   2:50p    SE
24  65.2  79.7  12:10p  50.7   6:30a   0.0   0.2  0.00   5.2  23.0   3:20p   SSE
25  62.8  73.2  12:10a  52.4   2:30p   2.2   0.0  0.59   3.7  25.0  10:30a   NNE
26  55.0  63.7   2:50p  46.3   7:20a  10.0   0.0  0.00   3.2  16.0   1:00a   NNE
27  49.1  52.2  12:00m  45.9   8:30a  15.9   0.0  0.59   0.7   9.0   5:50p   NNE
28  53.7  60.8   4:40p  46.5  12:00m  11.3   0.0  0.00   1.3  12.0   8:10a     N
29  55.8  71.8   2:20p  39.7   7:30a   9.3   0.0  0.01   0.3   7.0   2:20p   SSE
30  59.2  76.0   3:30p  42.4   4:00a   5.8   0.0  0.01   1.6  13.0   2:50p   SSE
-------------------------------------------------------------------------------------
    62.1  84.1    21    36.2    23   128.2  41.1  2.77   2.5  25.0    25     NNE

Max >=  90.0:  0
Max <=  32.0:  0
Min <=  32.0:  0
Min <=   0.0:  0
Max Rain: 1.04 ON 11/03/21
Days of Rain: 4 (>.01 in) 4 (>.1 in) 1 (>1 in)
Heat Base:  65.0  Cool Base:  65.0  Method: (High + Low) / 2