NOAA-Style Climate Reports

Select a Year or Month report
2022: Jan Feb Mar Apr May Jun Jul Aug Sep Oct Nov Dec
2021: Jan Feb Mar Apr May Jun Jul Aug Sep Oct Nov Dec
2020: Jan Feb Mar Apr May Jun Jul Aug Sep Oct Nov Dec
2019: Jan Feb Mar Apr May Jun Jul Aug Sep Oct Nov Dec
2018: Jan Feb Mar Apr May Jun Jul Aug Sep Oct Nov Dec
2017: Jan Feb Mar Apr May Jun Jul Aug Sep Oct Nov Dec

Report for 2022 August
                   MONTHLY CLIMATOLOGICAL SUMMARY for AUG. 2022

NAME: Skinner1   CITY: Schroeder   STATE: TX 
ELEV:   158 ft  LAT:  28° 50' 40" N  LONG:  97° 01' 32" W

                   TEMPERATURE (°F), RAIN  (in), WIND SPEED (mph)

                                      HEAT  COOL        AVG
    MEAN                              DEG   DEG         WIND                 DOM
DAY TEMP  HIGH   TIME   LOW    TIME   DAYS  DAYS  RAIN  SPEED HIGH   TIME    DIR
------------------------------------------------------------------------------------
 1  86.3  97.4   3:30p  75.2   7:10a   0.0  21.3  0.00   5.0  21.0   2:50p   SSE
 2  88.6  99.1   3:40p  78.0   7:20a   0.0  23.6  0.00   6.9  24.0   4:10p   SSE
 3  87.5  97.9   3:20p  77.1   7:20a   0.0  22.5  0.00   7.8  28.0   1:40p     S
 4  87.4  98.3   3:00p  76.6   7:10a   0.0  22.4  0.00   6.7  24.0  10:50a   SSE
 5  84.5  94.4   2:40p  74.6   7:10a   0.0  19.5  0.00   4.6  21.0   4:30p   SSE
 6  84.5  93.8   1:10p  75.2   7:00a   0.0  19.5  0.00   4.2  21.0   2:00p    SE
 7  86.3  97.7   2:30p  74.8   6:10a   0.0  21.3  0.00   4.9  22.0   1:30p   SSE
 8  85.8  97.8   2:40p  73.7   6:30a   0.0  20.8  0.00   4.0  20.0   2:50p   SSE
 9  84.8  97.4   4:30p  72.1   6:50a   0.0  19.8  0.02   3.6  20.0   2:30p    SE
10  86.8 101.0   4:30p  72.7   7:10a   0.0  21.8  0.22   3.1  27.0   4:20p    SE
11  86.1  98.2   6:00p  73.9   7:00a   0.0  21.1  0.17   1.6  18.0   6:40p    NE
12  85.7  96.9   3:30p  74.5   7:30a   0.0  20.7  0.01   1.9  20.0   3:30p    SE
13  85.6  97.3   4:00p  73.9   5:20a   0.0  20.6  0.00   2.5  21.0   5:20p   ESE
14  80.4  84.9   5:40p  75.8   2:00a   0.0  15.4  0.08   4.0  21.0   2:00p    SE
15  85.1  95.4   2:30p  74.8   6:30a   0.0  20.1  0.14   5.0  23.0   2:10p   SSE
16  86.4  97.3   4:10p  75.6   6:20a   0.0  21.4  0.00   3.9  18.0   3:10p   SSE
17  86.8 100.0   4:40p  73.5   7:20a   0.0  21.8  0.00   2.8  17.0   5:30p     S
18  86.7  99.0   3:50p  74.4   6:40a   0.0  21.7  0.01   2.2  29.0   6:30p   ESE
19  84.6  94.7   1:40p  74.6   4:00a   0.0  19.6  0.00   4.5  26.0   2:00p   SSE
20  86.2  96.2   2:10p  76.2   5:20a   0.0  21.2  0.00   5.5  25.0   3:10p   SSE
21  83.3  91.7   2:10p  75.0   7:00a   0.0  18.3  0.35   4.2  23.0   3:00p   SSE
22  86.1  97.3   3:10p  74.8  11:50p   0.0  21.1  0.87   5.4  34.0   9:10p   SSW
23  83.1  92.2   2:50p  73.9   1:10a   0.0  18.1  0.05   1.3  14.0   2:20p   WNW
24  85.0  92.9   4:50p  77.1   7:40a   0.0  20.0  0.00   2.1  14.0   7:20a   WNW
25  82.0  91.1   6:00p  72.9   7:40a   0.0  17.0  3.18   0.8  22.0   7:30a   WNW
26  85.2  95.0   3:30p  75.4   7:10a   0.0  20.2  0.00   1.7  22.0   5:30p   SSW
27  84.3  93.2   2:50p  75.5   7:30a   0.0  19.3  0.22   2.5  22.0   4:50p   SSE
28  84.9  94.1   2:50p  75.7   7:20a   0.0  19.9  0.00   3.5  20.0   4:00p    SE
29  83.3  90.3   2:00p  76.3   7:40a   0.0  18.3  0.78   2.3  21.0   2:20p   SSE
30  79.6  84.1   9:50a  75.1   8:10a   0.0  14.6  0.07   1.0  23.0  10:00a    SE
31  82.6  91.5   2:40p  73.7   7:20a   0.0  17.6  0.02   1.5  21.0   5:30p   ESE
-------------------------------------------------------------------------------------
    85.0 101.0    10    72.1     9     0.0 620.3  6.19   3.6  34.0    22     SSE

Max >=  90.0: 29
Max <=  32.0:  0
Min <=  32.0:  0
Min <=   0.0:  0
Max Rain: 3.18 ON 08/25/22
Days of Rain: 13 (>.01 in) 8 (>.1 in) 1 (>1 in)
Heat Base:  65.0  Cool Base:  65.0  Method: (High + Low) / 2