NOAA-Style Climate Reports

Select a Year or Month report
2019: Jan Feb Mar Apr May Jun Jul Aug Sep Oct Nov Dec
2018: Jan Feb Mar Apr May Jun Jul Aug Sep Oct Nov Dec
2017: Jan Feb Mar Apr May Jun Jul Aug Sep Oct Nov Dec

Report for 2019 May
                   MONTHLY CLIMATOLOGICAL SUMMARY for MAY. 2019

NAME: Skinner1   CITY: Schroeder   STATE: TX 
ELEV:   158 ft  LAT:  28° 50' 40" N  LONG:  97° 01' 32" W

                   TEMPERATURE (°F), RAIN  (in), WIND SPEED (mph)

                                      HEAT  COOL        AVG
    MEAN                              DEG   DEG         WIND                 DOM
DAY TEMP  HIGH   TIME   LOW    TIME   DAYS  DAYS  RAIN  SPEED HIGH   TIME    DIR
------------------------------------------------------------------------------------
 1  79.4  83.6   1:40p  75.3   6:50a   0.0  14.4  0.00  10.8  30.0   1:00p    SE
 2  78.3  83.2   1:50p  73.5   7:30a   0.0  13.3  0.00   8.4  29.0  12:10p    SE
 3  73.8  83.4   4:30p  64.1  11:00p   0.0   8.8  0.78   7.2  29.0  10:40p    SE
 4  73.0  84.0   4:20p  62.0   7:00a   0.0   8.0  0.19   3.2  23.0  12:30a    NE
 5  74.1  85.0   3:00p  63.2   6:10a   0.0   9.1  0.00   4.7  18.0   1:30p    SE
 6  72.0  77.0   1:10p  67.0   6:50a   0.0   7.0  0.05   3.5  15.0   2:30p    SE
 7  77.3  84.5   2:00p  70.2   1:00a   0.0  12.3  0.06   6.8  23.0   3:10p    SE
 8  78.3  84.5   4:50p  72.0  12:40a   0.0  13.3  0.01   7.8  25.0  11:40a    SE
 9  78.8  88.6   3:50p  69.0  11:50p   0.0  13.8  1.73   5.4  40.0  11:10p    SE
10  65.2  70.6  12:10a  59.7  12:00p   0.0   0.2  0.04   7.0  43.0  12:20a     N
11  64.4  67.2   6:20p  61.6  10:10a   0.6   0.0  0.12   5.6  18.0  10:30a     N
12  71.4  80.7   5:10p  62.1   1:30a   0.0   6.4  0.00   3.9  17.0  10:10a     N
13  71.6  82.4   3:30p  60.7   5:30a   0.0   6.6  0.00   2.8  13.0  11:20a   ENE
14  74.4  85.2   3:40p  63.6   5:30a   0.0   9.4  0.94   2.8  29.0   6:30p   ENE
15  75.4  85.4   4:50p  65.4   4:00a   0.0  10.4  0.01   3.1  16.0   6:10p   ESE
16  76.1  86.2   1:50p  66.0   5:50a   0.0  11.1  0.00   4.4  20.0   5:30p    SE
17  79.1  85.8   3:00p  72.3   5:30a   0.0  14.1  0.00   8.6  25.0   4:00p    SE
18  80.4  83.4   4:30p  77.4   4:50a   0.0  15.4  0.00   9.0  26.0  11:10a    SE
19  82.4  87.8   4:10p  77.1   7:20a   0.0  17.4  0.00   5.3  19.0   8:10p    SE
20  82.7  86.7   2:10p  78.7  12:10a   0.0  17.7  0.00  11.7  33.0   3:30p    SE
21  83.1  87.3   2:20p  78.8   2:50p   0.0  18.1  0.00   8.3  31.0   4:40a   SSE
22  83.6  88.6   3:30p  78.6   6:50a   0.0  18.6  0.00  11.0  30.0   2:00p    SE
23  83.2  87.8   1:10p  78.6   6:40a   0.0  18.2  0.00  11.4  31.0   4:40p    SE
24  81.6  86.8   2:50p  76.4   6:50a   0.0  16.6  0.00  10.4  27.0  12:20p    SE
25  81.7  87.8   2:10p  75.6   6:10a   0.0  16.7  0.00   9.7  26.0  11:30a    SE
26
27
28
29
30
31
-------------------------------------------------------------------------------------
    76.8  88.6     9    59.7    10     0.6 296.8  3.93   6.9  43.0    10      SE

Max >=  90.0:  0
Max <=  32.0:  0
Min <=  32.0:  0
Min <=   0.0:  0
Max Rain: 1.73 ON 05/09/19
Days of Rain: 8 (>.01 in) 5 (>.1 in) 1 (>1 in)
Heat Base:  65.0  Cool Base:  65.0  Method: (High + Low) / 2