NOAA-Style Climate Reports

Select a Year or Month report
2018: Jan Feb Mar Apr May Jun Jul Aug Sep Oct Nov Dec
2017: Jan Feb Mar Apr May Jun Jul Aug Sep Oct Nov Dec

Report for 2018 August
                   MONTHLY CLIMATOLOGICAL SUMMARY for AUG. 2018

NAME: Skinner1   CITY: Schroeder   STATE: TX 
ELEV:   158 ft  LAT:  28° 50' 40" N  LONG:  97° 01' 32" W

                   TEMPERATURE (°F), RAIN  (in), WIND SPEED (mph)

                                      HEAT  COOL        AVG
    MEAN                              DEG   DEG         WIND                 DOM
DAY TEMP  HIGH   TIME   LOW    TIME   DAYS  DAYS  RAIN  SPEED HIGH   TIME    DIR
------------------------------------------------------------------------------------
 1  82.9  97.3   5:00p  68.6   7:20a   0.0  17.9  0.00   3.1  15.0   2:30p    SE
 2  81.8  94.8   2:30p  68.7   5:30a   0.0  16.8  0.00   3.5  16.0   4:10p    SE
 3  81.9  95.4   3:30p  68.5   6:50a   0.0  16.9  0.00   4.3  21.0   6:20p    SE
 4  83.5  93.9   4:10p  73.1   6:10a   0.0  18.5  0.00   6.1  31.0   5:00p   SSE
 5  81.7  88.0   2:20p  75.4   4:50a   0.0  16.7  0.04   3.7  23.0  12:40p    SE
 6  82.3  91.8   2:40p  72.8   5:20a   0.0  17.3  0.00   4.3  20.0   4:00p    SE
 7  84.2  94.1   2:40p  74.3   5:30a   0.0  19.2  0.16   4.9  26.0   3:50p    SE
 8  82.5  89.8  12:00p  75.2   7:10a   0.0  17.5  0.00   4.8  18.0   5:50p    SE
 9  84.3  95.0   2:00p  73.6   7:00a   0.0  19.3  0.00   5.2  22.0   4:10p    SE
10  84.8  94.4   2:30p  75.1   7:20a   0.0  19.8  0.00   5.5  20.0   4:50p    SE
11  83.9  92.7   2:00p  75.1   6:10a   0.0  18.9  0.07   3.4  27.0   3:00p    SE
12  84.4  93.3   2:00p  75.6   6:00a   0.0  19.4  0.00   7.0  25.0   2:30p    SE
13  86.1  94.2   3:10p  78.0   6:50a   0.0  21.1  0.00   8.4  25.0   2:30p    SE
14  84.9  94.8   2:30p  75.0   7:20a   0.0  19.9  0.00   7.3  26.0   5:40p    SE
15  85.7  96.4   3:50p  75.0   7:10a   0.0  20.7  0.00   6.4  24.0  12:10p   SSE
16  86.7  97.0   2:50p  76.4   7:10a   0.0  21.7  0.00   6.0  24.0   4:10p   SSE
17  85.6  97.2   4:30p  73.9   7:30a   0.0  20.6  0.00   5.4  22.0   3:50p   SSE
18  85.1  96.9   3:10p  73.2   7:20a   0.0  20.1  0.00   5.2  22.0   5:20p   SSE
19  86.5  96.7   3:00p  76.3   7:20a   0.0  21.5  0.00   7.0  23.0  11:10a   SSE
20  87.0  97.3   4:00p  76.7   7:00a   0.0  22.0  0.00   5.7  23.0   5:50p   SSE
21  88.3 100.0   3:40p  76.6   7:20a   0.0  23.3  0.00   4.7  21.0   5:30p   SSE
22  87.6 100.4   4:50p  74.8   7:10a   0.0  22.6  0.00   4.2  21.0   7:30p   SSE
23  86.1  98.0   2:50p  74.2   7:10a   0.0  21.1  0.00   4.6  19.0   4:20p    SE
24  85.9  97.8   3:30p  74.0   7:20a   0.0  20.9  0.00   5.1  22.0   5:40p    SE
25  85.3  97.2   3:40p  73.3   7:00a   0.0  20.3  0.00   5.0  22.0   5:20p    SE
26  85.3  97.7   3:50p  72.9   7:10a   0.0  20.3  0.00   5.5  24.0   6:10p    SE
27  85.7  97.2   2:40p  74.2   5:10a   0.0  20.7  0.00   6.0  24.0   5:40p    SE
28  87.3  97.6   3:10p  77.1   7:10a   0.0  22.3  0.00   7.0  23.0   7:10p    SE
29  86.6  97.1   2:00p  76.1   7:10a   0.0  21.6  0.01   4.2  28.0   3:20p    SE
30  84.6  95.1   2:00p  74.1   7:00a   0.0  19.6  0.09   3.8  27.0   2:30p    SE
31  83.3  95.3   3:20p  71.3   6:40a   0.0  18.3  0.00   4.6  24.0   3:40p    SE
-------------------------------------------------------------------------------------
    84.9 100.4    22    68.5     3     0.0 616.7  0.37   5.2  31.0     4      SE

Max >=  90.0: 29
Max <=  32.0:  0
Min <=  32.0:  0
Min <=   0.0:  0
Max Rain: 0.16 ON 08/07/18
Days of Rain: 4 (>.01 in) 1 (>.1 in) 0 (>1 in)
Heat Base:  65.0  Cool Base:  65.0  Method: (High + Low) / 2